Last updated on 2025-11-16 04:48:36 CET.
| Flavor | Version | Tinstall | Tcheck | Ttotal | Status | Flags |
|---|---|---|---|---|---|---|
| r-devel-linux-x86_64-debian-clang | 0.2.0 | 2.97 | 34.54 | 37.51 | NOTE | |
| r-devel-linux-x86_64-debian-gcc | 0.2.0 | 2.68 | 27.73 | 30.41 | NOTE | |
| r-devel-linux-x86_64-fedora-clang | 0.2.0 | 11.00 | 50.45 | 61.45 | OK | |
| r-devel-linux-x86_64-fedora-gcc | 0.2.0 | 11.00 | 63.43 | 74.43 | OK | |
| r-devel-windows-x86_64 | 0.2.0 | 8.00 | 54.00 | 62.00 | OK | |
| r-patched-linux-x86_64 | 0.2.0 | 2.94 | 33.52 | 36.46 | OK | |
| r-release-linux-x86_64 | 0.2.0 | 3.07 | 33.36 | 36.43 | OK | |
| r-release-macos-arm64 | 0.2.0 | 2.00 | 68.00 | 70.00 | OK | |
| r-release-macos-x86_64 | 0.2.0 | 2.00 | 51.00 | 53.00 | OK | |
| r-release-windows-x86_64 | 0.2.0 | 6.00 | 53.00 | 59.00 | OK | |
| r-oldrel-macos-arm64 | 0.2.0 | 2.00 | 31.00 | 33.00 | OK | |
| r-oldrel-macos-x86_64 | 0.2.0 | 2.00 | 43.00 | 45.00 | OK | |
| r-oldrel-windows-x86_64 | 0.2.0 | 8.00 | 61.00 | 69.00 | OK |
Version: 0.2.0
Check: CRAN incoming feasibility
Result: NOTE
Maintainer: ‘Lerato E Magosi <magosil86@gmail.com>’
Package CITATION file contains call(s) to old-style personList() or
as.personList(). Please use c() on person objects instead.
Package CITATION file contains call(s) to old-style citEntry(). Please
use bibentry() instead.
Flavors: r-devel-linux-x86_64-debian-clang, r-devel-linux-x86_64-debian-gcc