Last updated on 2024-08-25 05:49:22 CEST.
Flavor | Version | Tinstall | Tcheck | Ttotal | Status | Flags |
---|---|---|---|---|---|---|
r-devel-linux-x86_64-debian-clang | 0.1 | 17.95 | 134.16 | 152.11 | OK | |
r-devel-linux-x86_64-debian-gcc | 0.1 | 12.91 | 100.13 | 113.04 | OK | |
r-devel-linux-x86_64-fedora-clang | 0.1 | 247.54 | OK | |||
r-devel-linux-x86_64-fedora-gcc | 0.1 | 239.61 | OK | |||
r-devel-windows-x86_64 | 0.1 | 20.00 | 123.00 | 143.00 | OK | |
r-patched-linux-x86_64 | 0.1 | 15.41 | 126.16 | 141.57 | OK | |
r-release-linux-x86_64 | 0.1 | 15.17 | 126.56 | 141.73 | OK | |
r-release-macos-arm64 | 0.1 | 69.00 | OK | |||
r-release-macos-x86_64 | 0.1 | 101.00 | OK | |||
r-release-windows-x86_64 | 0.1 | 19.00 | 127.00 | 146.00 | OK | |
r-oldrel-macos-arm64 | 0.1 | 9.00 | ERROR | |||
r-oldrel-macos-x86_64 | 0.1 | 12.00 | ERROR | |||
r-oldrel-windows-x86_64 | 0.1 | 25.00 | 166.00 | 191.00 | OK |
Version: 0.1
Check: package dependencies
Result: ERROR
Package required but not available: ‘ggmsa’
See section ‘The DESCRIPTION file’ in the ‘Writing R Extensions’
manual.
Flavors: r-oldrel-macos-arm64, r-oldrel-macos-x86_64