Last updated on 2025-11-16 04:48:36 CET.
| Flavor | Version | Tinstall | Tcheck | Ttotal | Status | Flags |
|---|---|---|---|---|---|---|
| r-devel-linux-x86_64-debian-clang | 0.0.5 | 3.71 | 31.12 | 34.83 | OK | |
| r-devel-linux-x86_64-debian-gcc | 0.0.5 | 3.38 | 24.94 | 28.32 | NOTE | |
| r-devel-linux-x86_64-fedora-clang | 0.0.5 | 23.00 | 34.18 | 57.18 | OK | |
| r-devel-linux-x86_64-fedora-gcc | 0.0.5 | 50.83 | OK | |||
| r-devel-windows-x86_64 | 0.0.5 | 6.00 | 44.00 | 50.00 | OK | |
| r-patched-linux-x86_64 | 0.0.5 | 4.12 | 29.38 | 33.50 | OK | |
| r-release-linux-x86_64 | 0.0.5 | 5.07 | 29.38 | 34.45 | OK | |
| r-release-macos-arm64 | 0.0.5 | 2.00 | 18.00 | 20.00 | OK | |
| r-release-macos-x86_64 | 0.0.5 | 5.00 | 33.00 | 38.00 | OK | |
| r-release-windows-x86_64 | 0.0.5 | 8.00 | 44.00 | 52.00 | OK | |
| r-oldrel-macos-arm64 | 0.0.5 | 2.00 | 22.00 | 24.00 | OK | |
| r-oldrel-macos-x86_64 | 0.0.5 | 4.00 | 36.00 | 40.00 | OK | |
| r-oldrel-windows-x86_64 | 0.0.5 | 9.00 | 51.00 | 60.00 | OK |
Version: 0.0.5
Check: CRAN incoming feasibility
Result: NOTE
Maintainer: ‘Hao Wang <wanghao8772@gmail.com>’
The BugReports field in DESCRIPTION has
https://github.com/HMU-WH/ggcompare/issues/
which should likely be
https://github.com/HMU-WH/ggcompare/issues/issues
instead.
Flavor: r-devel-linux-x86_64-debian-gcc