CRAN Package Check Results for Package gglyph

Last updated on 2025-11-16 04:48:36 CET.

Flavor Version Tinstall Tcheck Ttotal Status Flags
r-devel-linux-x86_64-debian-clang 0.2.0 8.28 123.52 131.80 OK
r-devel-linux-x86_64-debian-gcc 0.2.0 5.25 88.10 93.35 NOTE
r-devel-linux-x86_64-fedora-clang 0.2.0 36.00 169.35 205.35 OK
r-devel-linux-x86_64-fedora-gcc 0.2.0 17.00 180.98 197.98 OK
r-devel-windows-x86_64 0.2.0 13.00 118.00 131.00 OK
r-patched-linux-x86_64 0.2.0 7.70 118.35 126.05 OK
r-release-linux-x86_64 0.2.0 8.01 118.98 126.99 OK
r-release-macos-arm64 0.2.0 4.00 56.00 60.00 OK
r-release-macos-x86_64 0.2.0 9.00 124.00 133.00 OK
r-release-windows-x86_64 0.2.0 11.00 117.00 128.00 OK
r-oldrel-macos-arm64 0.2.0 3.00 61.00 64.00 OK
r-oldrel-macos-x86_64 0.2.0 9.00 134.00 143.00 OK
r-oldrel-windows-x86_64 0.2.0 12.00 146.00 158.00 OK

Check Details

Version: 0.2.0
Check: CRAN incoming feasibility
Result: NOTE Maintainer: ‘Valentin Velev <valentin.velev@uni-konstanz.de>’ The BugReports field in DESCRIPTION has https://github.com/valentinsvelev/gglyph/issues/ which should likely be https://github.com/valentinsvelev/gglyph/issues/issues instead. Flavor: r-devel-linux-x86_64-debian-gcc