Last updated on 2025-11-16 04:48:36 CET.
| Flavor | Version | Tinstall | Tcheck | Ttotal | Status | Flags |
|---|---|---|---|---|---|---|
| r-devel-linux-x86_64-debian-clang | 1.5.1.2 | 9.50 | 181.01 | 190.51 | OK | |
| r-devel-linux-x86_64-debian-gcc | 1.5.1.2 | 6.33 | 130.29 | 136.62 | NOTE | |
| r-devel-linux-x86_64-fedora-clang | 1.5.1.2 | 56.00 | 262.42 | 318.42 | OK | |
| r-devel-linux-x86_64-fedora-gcc | 1.5.1.2 | 20.00 | 261.09 | 281.09 | OK | |
| r-devel-windows-x86_64 | 1.5.1.2 | 11.00 | 188.00 | 199.00 | OK | |
| r-patched-linux-x86_64 | 1.5.1.2 | 7.73 | 174.83 | 182.56 | OK | |
| r-release-linux-x86_64 | 1.5.1.2 | 8.86 | 176.06 | 184.92 | OK | |
| r-release-macos-arm64 | 1.5.1.2 | 4.00 | 112.00 | 116.00 | OK | |
| r-release-macos-x86_64 | 1.5.1.2 | 9.00 | 235.00 | 244.00 | OK | |
| r-release-windows-x86_64 | 1.5.1.2 | 10.00 | 182.00 | 192.00 | OK | |
| r-oldrel-macos-arm64 | 1.5.1.2 | 4.00 | 92.00 | 96.00 | OK | |
| r-oldrel-macos-x86_64 | 1.5.1.2 | 8.00 | 176.00 | 184.00 | OK | |
| r-oldrel-windows-x86_64 | 1.5.1.2 | 14.00 | 231.00 | 245.00 | OK |
Version: 1.5.1.2
Check: CRAN incoming feasibility
Result: NOTE
Maintainer: ‘Xavier Fernández i Marín <xavier.fim@gmail.com>’
The BugReports field in DESCRIPTION has
https://github.com/xfim/ggmcmc/issues/
which should likely be
https://github.com/xfim/ggmcmc/issues/issues
instead.
Flavor: r-devel-linux-x86_64-debian-gcc