Last updated on 2024-08-25 05:49:22 CEST.
Flavor | Version | Tinstall | Tcheck | Ttotal | Status | Flags |
---|---|---|---|---|---|---|
r-devel-linux-x86_64-debian-clang | 0.1.0 | 3.00 | 109.39 | 112.39 | NOTE | |
r-devel-linux-x86_64-debian-gcc | 0.1.0 | 2.53 | 81.45 | 83.98 | NOTE | |
r-devel-linux-x86_64-fedora-clang | 0.1.0 | 187.19 | OK | |||
r-devel-linux-x86_64-fedora-gcc | 0.1.0 | 194.55 | OK | |||
r-devel-windows-x86_64 | 0.1.0 | 6.00 | 123.00 | 129.00 | NOTE | |
r-patched-linux-x86_64 | 0.1.0 | 9.89 | 106.27 | 116.16 | OK | |
r-release-linux-x86_64 | 0.1.0 | 3.44 | 105.40 | 108.84 | OK | |
r-release-macos-arm64 | 0.1.0 | 50.00 | OK | |||
r-release-macos-x86_64 | 0.1.0 | 83.00 | OK | |||
r-release-windows-x86_64 | 0.1.0 | 6.00 | 117.00 | 123.00 | OK | |
r-oldrel-macos-arm64 | 0.1.0 | 49.00 | OK | |||
r-oldrel-macos-x86_64 | 0.1.0 | 103.00 | OK | |||
r-oldrel-windows-x86_64 | 0.1.0 | 6.00 | 140.00 | 146.00 | OK |
Version: 0.1.0
Check: Rd cross-references
Result: NOTE
Found the following Rd file(s) with Rd \link{} targets missing package
anchors:
theme_mice.Rd: mice, ggplot2
theme_minimice.Rd: mice, ggplot2
Please provide package anchors for all Rd \link{} targets not in the
package itself and the base packages.
Flavors: r-devel-linux-x86_64-debian-clang, r-devel-linux-x86_64-debian-gcc, r-devel-windows-x86_64