Last updated on 2025-02-21 04:51:48 CET.
Flavor | Version | Tinstall | Tcheck | Ttotal | Status | Flags |
---|---|---|---|---|---|---|
r-devel-linux-x86_64-debian-clang | 0.5.6 | 7.49 | 102.90 | 110.39 | NOTE | |
r-devel-linux-x86_64-debian-gcc | 0.5.6 | 4.53 | 74.35 | 78.88 | NOTE | |
r-devel-linux-x86_64-fedora-clang | 0.5.6 | 168.78 | OK | |||
r-devel-linux-x86_64-fedora-gcc | 0.5.6 | 175.12 | OK | |||
r-devel-macos-arm64 | 0.5.6 | 56.00 | OK | |||
r-devel-macos-x86_64 | 0.5.6 | 115.00 | OK | |||
r-devel-windows-x86_64 | 0.5.6 | 10.00 | 110.00 | 120.00 | NOTE | |
r-patched-linux-x86_64 | 0.5.6 | 12.41 | 97.22 | 109.63 | OK | |
r-release-linux-x86_64 | 0.5.6 | 6.59 | 96.31 | 102.90 | OK | |
r-release-macos-arm64 | 0.5.6 | 53.00 | OK | |||
r-release-macos-x86_64 | 0.5.6 | 88.00 | OK | |||
r-release-windows-x86_64 | 0.5.6 | 9.00 | 108.00 | 117.00 | OK | |
r-oldrel-macos-arm64 | 0.5.6 | 65.00 | OK | |||
r-oldrel-macos-x86_64 | 0.5.6 | 110.00 | OK | |||
r-oldrel-windows-x86_64 | 0.5.6 | 11.00 | 154.00 | 165.00 | OK |
Version: 0.5.6
Check: Rd cross-references
Result: NOTE
Found the following Rd file(s) with Rd \link{} targets missing package
anchors:
geom_density_line.Rd: geom_density
geom_density_ridges.Rd: aes, aes_, ggplot, layer, stat_density
geom_ridgeline.Rd: aes, aes_, ggplot, layer
geom_ridgeline_gradient.Rd: aes, aes_, ggplot, layer
geom_vridgeline.Rd: aes, aes_, ggplot, layer
position_points_jitter.Rd: position_jitter
scale_cyclical.Rd: discrete_scale
scale_point.Rd: scale_discrete_manual
scale_vline.Rd: scale_discrete_manual
stat_density_ridges.Rd: stat_density, aes, aes_, ggplot, layer
Please provide package anchors for all Rd \link{} targets not in the
package itself and the base packages.
Flavors: r-devel-linux-x86_64-debian-clang, r-devel-linux-x86_64-debian-gcc, r-devel-windows-x86_64