Last updated on 2025-10-25 05:50:03 CEST.
| Flavor | Version | Tinstall | Tcheck | Ttotal | Status | Flags |
|---|---|---|---|---|---|---|
| r-devel-linux-x86_64-debian-clang | 1.3 | 16.22 | 119.52 | 135.74 | OK | |
| r-devel-linux-x86_64-debian-gcc | 1.3 | 11.69 | 86.00 | 97.69 | OK | |
| r-devel-linux-x86_64-fedora-clang | 1.3 | 105.00 | 112.31 | 217.31 | NOTE | |
| r-devel-linux-x86_64-fedora-gcc | 1.3 | 31.00 | 157.20 | 188.20 | NOTE | |
| r-devel-windows-x86_64 | 1.3 | 17.00 | 113.00 | 130.00 | OK | |
| r-patched-linux-x86_64 | 1.3 | 11.89 | 111.01 | 122.90 | OK | |
| r-release-linux-x86_64 | 1.3 | 13.32 | 110.55 | 123.87 | OK | |
| r-release-macos-arm64 | 1.3 | 6.00 | 43.00 | 49.00 | OK | |
| r-release-macos-x86_64 | 1.3 | 12.00 | 78.00 | 90.00 | OK | |
| r-release-windows-x86_64 | 1.3 | 16.00 | 115.00 | 131.00 | OK | |
| r-oldrel-macos-arm64 | 1.3 | 6.00 | 44.00 | 50.00 | OK | |
| r-oldrel-macos-x86_64 | 1.3 | 9.00 | 62.00 | 71.00 | OK | |
| r-oldrel-windows-x86_64 | 1.3 | 22.00 | 148.00 | 170.00 | OK |
Version: 1.3
Check: dependencies in R code
Result: NOTE
Namespaces in Imports field not imported from:
‘nomogramFormula’ ‘survival’
All declared Imports should be used.
Flavors: r-devel-linux-x86_64-fedora-clang, r-devel-linux-x86_64-fedora-gcc