Last updated on 2025-02-22 04:51:13 CET.
Flavor | Version | Tinstall | Tcheck | Ttotal | Status | Flags |
---|---|---|---|---|---|---|
r-devel-linux-x86_64-debian-clang | 1.3 | 13.56 | 102.28 | 115.84 | OK | |
r-devel-linux-x86_64-debian-gcc | 1.3 | 10.46 | 73.08 | 83.54 | OK | |
r-devel-linux-x86_64-fedora-clang | 1.3 | 178.84 | NOTE | |||
r-devel-linux-x86_64-fedora-gcc | 1.3 | 165.98 | NOTE | |||
r-devel-macos-arm64 | 1.3 | 50.00 | OK | |||
r-devel-macos-x86_64 | 1.3 | 90.00 | OK | |||
r-devel-windows-x86_64 | 1.3 | 15.00 | 105.00 | 120.00 | OK | |
r-patched-linux-x86_64 | 1.3 | 12.07 | 93.31 | 105.38 | OK | |
r-release-linux-x86_64 | 1.3 | 11.95 | 91.90 | 103.85 | OK | |
r-release-macos-arm64 | 1.3 | 50.00 | OK | |||
r-release-macos-x86_64 | 1.3 | 71.00 | OK | |||
r-release-windows-x86_64 | 1.3 | 14.00 | 104.00 | 118.00 | OK | |
r-oldrel-macos-arm64 | 1.3 | 53.00 | OK | |||
r-oldrel-macos-x86_64 | 1.3 | 85.00 | OK | |||
r-oldrel-windows-x86_64 | 1.3 | 19.00 | 132.00 | 151.00 | OK |
Version: 1.3
Check: dependencies in R code
Result: NOTE
Namespaces in Imports field not imported from:
‘nomogramFormula’ ‘survival’
All declared Imports should be used.
Flavors: r-devel-linux-x86_64-fedora-clang, r-devel-linux-x86_64-fedora-gcc