Last updated on 2025-11-16 04:48:36 CET.
| Flavor | Version | Tinstall | Tcheck | Ttotal | Status | Flags |
|---|---|---|---|---|---|---|
| r-devel-linux-x86_64-debian-clang | 0.2.4 | 15.54 | 151.61 | 167.15 | OK | |
| r-devel-linux-x86_64-debian-gcc | 0.2.4 | 11.98 | 103.16 | 115.14 | NOTE | |
| r-devel-linux-x86_64-fedora-clang | 0.2.4 | 68.00 | 204.63 | 272.63 | OK | |
| r-devel-linux-x86_64-fedora-gcc | 0.2.4 | 34.00 | 202.65 | 236.65 | OK | |
| r-devel-windows-x86_64 | 0.2.4 | 21.00 | 137.00 | 158.00 | OK | |
| r-patched-linux-x86_64 | 0.2.4 | 15.85 | 142.50 | 158.35 | OK | |
| r-release-linux-x86_64 | 0.2.4 | 15.06 | 140.23 | 155.29 | OK | |
| r-release-macos-arm64 | 0.2.4 | 6.00 | 53.00 | 59.00 | OK | |
| r-release-macos-x86_64 | 0.2.4 | 10.00 | 60.00 | 70.00 | OK | |
| r-release-windows-x86_64 | 0.2.4 | 18.00 | 134.00 | 152.00 | OK | |
| r-oldrel-macos-arm64 | 0.2.4 | 6.00 | 49.00 | 55.00 | OK | |
| r-oldrel-macos-x86_64 | 0.2.4 | 10.00 | 75.00 | 85.00 | OK | |
| r-oldrel-windows-x86_64 | 0.2.4 | 22.00 | 178.00 | 200.00 | NOTE |
Version: 0.2.4
Check: CRAN incoming feasibility
Result: NOTE
Maintainer: ‘Seung Hyun Min <seung.min@mail.mcgill.ca>’
The BugReports field in DESCRIPTION has
https://github.com/smin95/ggsem/issues/
which should likely be
https://github.com/smin95/ggsem/issues/issues
instead.
Flavor: r-devel-linux-x86_64-debian-gcc
Version: 0.2.4
Check: package dependencies
Result: NOTE
Package suggested but not available for checking: 'semPlot'
Flavor: r-oldrel-windows-x86_64