Last updated on 2025-10-26 04:48:35 CET.
| Flavor | Version | Tinstall | Tcheck | Ttotal | Status | Flags |
|---|---|---|---|---|---|---|
| r-devel-linux-x86_64-debian-clang | 0.36.2 | 13.79 | 68.56 | 82.35 | OK | |
| r-devel-linux-x86_64-debian-gcc | 0.36.2 | 11.04 | 49.52 | 60.56 | OK | |
| r-devel-linux-x86_64-fedora-clang | 0.36.2 | 38.00 | 81.74 | 119.74 | OK | |
| r-devel-linux-x86_64-fedora-gcc | 0.36.2 | 34.00 | 78.42 | 112.42 | OK | |
| r-devel-windows-x86_64 | 0.36.2 | 37.00 | 139.00 | 176.00 | OK | |
| r-patched-linux-x86_64 | 0.36.2 | 15.21 | 65.42 | 80.63 | OK | |
| r-release-linux-x86_64 | 0.36.2 | 13.77 | 65.50 | 79.27 | OK | |
| r-release-macos-arm64 | 0.36.2 | 10.00 | 50.00 | 60.00 | OK | |
| r-release-macos-x86_64 | 0.36.2 | 15.00 | 70.00 | 85.00 | OK | |
| r-release-windows-x86_64 | 0.36.2 | 48.00 | 138.00 | 186.00 | OK | |
| r-oldrel-macos-arm64 | 0.36.2 | 9.00 | 61.00 | 70.00 | NOTE | |
| r-oldrel-macos-x86_64 | 0.36.2 | 15.00 | 89.00 | 104.00 | NOTE | |
| r-oldrel-windows-x86_64 | 0.36.2 | 48.00 | 152.00 | 200.00 | OK |
Version: 0.36.2
Check: installed package size
Result: NOTE
installed size is 7.2Mb
sub-directories of 1Mb or more:
libs 6.8Mb
Flavors: r-oldrel-macos-arm64, r-oldrel-macos-x86_64