CRAN Package Check Results for Package gkmSVM

Last updated on 2025-11-16 04:48:37 CET.

Flavor Version Tinstall Tcheck Ttotal Status Flags
r-devel-linux-x86_64-debian-clang 0.83.0 50.27 41.43 91.70 NOTE
r-devel-linux-x86_64-debian-gcc 0.83.0 30.10 31.65 61.75 NOTE
r-devel-linux-x86_64-fedora-clang 0.83.0 393.00 -174.95 218.05 OK
r-devel-linux-x86_64-fedora-gcc 0.83.0 88.00 47.42 135.42 OK
r-devel-windows-x86_64 0.83.0 91.00 73.00 164.00 OK
r-patched-linux-x86_64 0.83.0 44.50 39.10 83.60 OK
r-release-linux-x86_64 0.83.0 46.06 40.01 86.07 OK
r-release-macos-arm64 0.83.0 19.00 23.00 42.00 OK
r-release-macos-x86_64 0.83.0 17.00 37.00 54.00 OK
r-release-windows-x86_64 0.83.0 71.00 71.00 142.00 OK
r-oldrel-macos-arm64 0.83.0 18.00 21.00 39.00 NOTE
r-oldrel-macos-x86_64 0.83.0 16.00 34.00 50.00 NOTE
r-oldrel-windows-x86_64 0.83.0 80.00 89.00 169.00 OK

Check Details

Version: 0.83.0
Check: CRAN incoming feasibility
Result: NOTE Maintainer: ‘Mike Beer <mbeer@jhu.edu>’ No Authors@R field in DESCRIPTION. Please add one, modifying Authors@R: c(person(given = "Mahmoud", family = "Ghandi", role = "aut"), person(given = "Mike", family = "Beer", role = "cre", email = "mbeer@jhu.edu")) as necessary. Flavors: r-devel-linux-x86_64-debian-clang, r-devel-linux-x86_64-debian-gcc

Version: 0.83.0
Check: package dependencies
Result: NOTE Packages suggested but not available for checking: 'BSgenome.Hsapiens.UCSC.hg18.masked', 'BSgenome.Hsapiens.UCSC.hg19.masked' Flavors: r-oldrel-macos-arm64, r-oldrel-macos-x86_64