CRAN Package Check Results for Package globaltrends

Last updated on 2025-11-16 04:48:37 CET.

Flavor Version Tinstall Tcheck Ttotal Status Flags
r-devel-linux-x86_64-debian-clang 0.0.14 12.75 192.09 204.84 OK
r-devel-linux-x86_64-debian-gcc 0.0.14 6.45 131.95 138.40 NOTE
r-devel-linux-x86_64-fedora-clang 0.0.14 63.00 269.16 332.16 OK
r-devel-linux-x86_64-fedora-gcc 0.0.14 25.00 275.39 300.39 OK
r-devel-windows-x86_64 0.0.14 17.00 187.00 204.00 OK
r-patched-linux-x86_64 0.0.14 12.26 181.82 194.08 OK
r-release-linux-x86_64 0.0.14 12.35 180.71 193.06 OK
r-release-macos-arm64 0.0.14 5.00 87.00 92.00 OK
r-release-macos-x86_64 0.0.14 11.00 165.00 176.00 OK
r-release-windows-x86_64 0.0.14 16.00 176.00 192.00 OK
r-oldrel-macos-arm64 0.0.14 4.00 73.00 77.00 OK
r-oldrel-macos-x86_64 0.0.14 11.00 207.00 218.00 OK
r-oldrel-windows-x86_64 0.0.14 21.00 247.00 268.00 OK

Check Details

Version: 0.0.14
Check: CRAN incoming feasibility
Result: NOTE Maintainer: ‘Harald Puhr <harald.puhr@gmail.com>’ The BugReports field in DESCRIPTION has https://github.com/ha-pu/globaltrends/issues/ which should likely be https://github.com/ha-pu/globaltrends/issues/issues instead. Flavor: r-devel-linux-x86_64-debian-gcc