Last updated on 2025-10-25 05:50:03 CEST.
| Flavor | Version | Tinstall | Tcheck | Ttotal | Status | Flags |
|---|---|---|---|---|---|---|
| r-devel-linux-x86_64-debian-clang | 1.2.4 | 15.21 | 152.28 | 167.49 | OK | |
| r-devel-linux-x86_64-debian-gcc | 1.2.4 | 10.50 | 103.84 | 114.34 | OK | |
| r-devel-linux-x86_64-fedora-clang | 1.2.4 | 47.00 | 223.69 | 270.69 | OK | |
| r-devel-linux-x86_64-fedora-gcc | 1.2.4 | 35.00 | 209.82 | 244.82 | OK | |
| r-devel-windows-x86_64 | 1.2.4 | 18.00 | 145.00 | 163.00 | OK | |
| r-patched-linux-x86_64 | 1.2.4 | 16.46 | 142.06 | 158.52 | OK | |
| r-release-linux-x86_64 | 1.2.4 | 16.24 | 140.62 | 156.86 | OK | |
| r-release-macos-arm64 | 1.2.4 | 7.00 | 63.00 | 70.00 | OK | |
| r-release-macos-x86_64 | 1.2.4 | 16.00 | 128.00 | 144.00 | OK | |
| r-release-windows-x86_64 | 1.2.4 | 18.00 | 146.00 | 164.00 | OK | |
| r-oldrel-macos-arm64 | 1.2.4 | 8.00 | 67.00 | 75.00 | NOTE | |
| r-oldrel-macos-x86_64 | 1.2.4 | 15.00 | 126.00 | 141.00 | NOTE | |
| r-oldrel-windows-x86_64 | 1.2.4 | 24.00 | 180.00 | 204.00 | NOTE |
Version: 1.2.4
Check: package dependencies
Result: NOTE
Package suggested but not available for checking: ‘flexsdm’
Flavors: r-oldrel-macos-arm64, r-oldrel-macos-x86_64, r-oldrel-windows-x86_64