Last updated on 2024-07-05 05:56:12 CEST.
Flavor | Version | Tinstall | Tcheck | Ttotal | Status | Flags |
---|---|---|---|---|---|---|
r-devel-linux-x86_64-debian-clang | 1.0.0 | 1.79 | 27.46 | 29.25 | NOTE | |
r-devel-linux-x86_64-debian-gcc | 1.0.0 | 1.60 | 21.60 | 23.20 | NOTE | |
r-devel-linux-x86_64-fedora-clang | 1.0.0 | 38.63 | NOTE | |||
r-devel-linux-x86_64-fedora-gcc | 1.0.0 | 49.44 | NOTE | |||
r-devel-windows-x86_64 | 1.0.0 | 3.00 | 44.00 | 47.00 | NOTE | |
r-patched-linux-x86_64 | 1.0.0 | 1.51 | 26.64 | 28.15 | NOTE | |
r-release-linux-x86_64 | 1.0.0 | 1.95 | 26.28 | 28.23 | NOTE | |
r-release-macos-arm64 | 1.0.0 | 22.00 | NOTE | |||
r-release-macos-x86_64 | 1.0.0 | 32.00 | NOTE | |||
r-release-windows-x86_64 | 1.0.0 | 3.00 | 42.00 | 45.00 | NOTE | |
r-oldrel-macos-arm64 | 1.0.0 | 22.00 | NOTE | |||
r-oldrel-macos-x86_64 | 1.0.0 | 33.00 | NOTE | |||
r-oldrel-windows-x86_64 | 1.0.0 | 3.00 | 42.00 | 45.00 | NOTE |
Version: 1.0.0
Check: LazyData
Result: NOTE
'LazyData' is specified without a 'data' directory
Flavors: r-devel-linux-x86_64-debian-clang, r-devel-linux-x86_64-debian-gcc, r-devel-linux-x86_64-fedora-clang, r-devel-linux-x86_64-fedora-gcc, r-devel-windows-x86_64, r-patched-linux-x86_64, r-release-linux-x86_64, r-release-macos-arm64, r-release-macos-x86_64, r-release-windows-x86_64, r-oldrel-macos-arm64, r-oldrel-macos-x86_64, r-oldrel-windows-x86_64