Last updated on 2024-08-25 05:49:22 CEST.
Flavor | Version | Tinstall | Tcheck | Ttotal | Status | Flags |
---|---|---|---|---|---|---|
r-devel-linux-x86_64-debian-clang | 1.6.8 | 145.88 | 102.29 | 248.17 | NOTE | |
r-devel-linux-x86_64-debian-gcc | 1.6.8 | 102.87 | 66.61 | 169.48 | NOTE | |
r-devel-linux-x86_64-fedora-clang | 1.6.8 | 483.70 | OK | |||
r-devel-linux-x86_64-fedora-gcc | 1.6.8 | 500.51 | OK | |||
r-devel-windows-x86_64 | 1.6.8 | 159.00 | 130.00 | 289.00 | NOTE | |
r-patched-linux-x86_64 | 1.6.8 | 140.51 | 95.82 | 236.33 | OK | |
r-release-linux-x86_64 | 1.6.8 | 136.34 | 96.76 | 233.10 | OK | |
r-release-macos-arm64 | 1.6.8 | 115.00 | NOTE | |||
r-release-macos-x86_64 | 1.6.8 | 136.00 | NOTE | |||
r-release-windows-x86_64 | 1.6.8 | 159.00 | 135.00 | 294.00 | OK | |
r-oldrel-macos-arm64 | 1.6.8 | 112.00 | NOTE | |||
r-oldrel-macos-x86_64 | 1.6.8 | 175.00 | NOTE | |||
r-oldrel-windows-x86_64 | 1.6.8 | 187.00 | 156.00 | 343.00 | OK |
Version: 1.6.8
Check: Rd cross-references
Result: NOTE
Found the following Rd file(s) with Rd \link{} targets missing package
anchors:
defineNodes.Rd: tbl_df
examine.Rd: changepoint
Please provide package anchors for all Rd \link{} targets not in the
package itself and the base packages.
Flavors: r-devel-linux-x86_64-debian-clang, r-devel-linux-x86_64-debian-gcc, r-devel-windows-x86_64
Version: 1.6.8
Check: installed package size
Result: NOTE
installed size is 7.4Mb
sub-directories of 1Mb or more:
libs 5.7Mb
Flavors: r-release-macos-arm64, r-release-macos-x86_64, r-oldrel-macos-arm64, r-oldrel-macos-x86_64