Last updated on 2025-11-16 04:48:37 CET.
| Flavor | Version | Tinstall | Tcheck | Ttotal | Status | Flags |
|---|---|---|---|---|---|---|
| r-devel-linux-x86_64-debian-clang | 0.2.0 | 6.23 | 56.75 | 62.98 | OK | |
| r-devel-linux-x86_64-debian-gcc | 0.2.0 | 4.73 | 43.88 | 48.61 | OK | |
| r-devel-linux-x86_64-fedora-clang | 0.2.0 | 34.00 | 63.78 | 97.78 | NOTE | |
| r-devel-linux-x86_64-fedora-gcc | 0.2.0 | 11.00 | 75.90 | 86.90 | NOTE | |
| r-devel-windows-x86_64 | 0.2.0 | 12.00 | 95.00 | 107.00 | OK | |
| r-patched-linux-x86_64 | 0.2.0 | 7.42 | 54.61 | 62.03 | OK | |
| r-release-linux-x86_64 | 0.2.0 | 6.08 | 54.44 | 60.52 | OK | |
| r-release-macos-arm64 | 0.2.0 | 3.00 | 33.00 | 36.00 | OK | |
| r-release-macos-x86_64 | 0.2.0 | 7.00 | 48.00 | 55.00 | OK | |
| r-release-windows-x86_64 | 0.2.0 | 8.00 | 89.00 | 97.00 | OK | |
| r-oldrel-macos-arm64 | 0.2.0 | 3.00 | 26.00 | 29.00 | OK | |
| r-oldrel-macos-x86_64 | 0.2.0 | 5.00 | 46.00 | 51.00 | OK | |
| r-oldrel-windows-x86_64 | 0.2.0 | 12.00 | 99.00 | 111.00 | OK |
Version: 0.2.0
Check: dependencies in R code
Result: NOTE
Namespaces in Imports field not imported from:
‘assertthat’ ‘future’ ‘httr’
All declared Imports should be used.
Flavors: r-devel-linux-x86_64-fedora-clang, r-devel-linux-x86_64-fedora-gcc