Last updated on 2025-11-16 04:48:37 CET.
| Flavor | Version | Tinstall | Tcheck | Ttotal | Status | Flags |
|---|---|---|---|---|---|---|
| r-devel-linux-x86_64-debian-clang | 0.0.1 | 1.55 | 22.42 | 23.97 | OK | |
| r-devel-linux-x86_64-debian-gcc | 0.0.1 | 1.47 | 18.59 | 20.06 | OK | |
| r-devel-linux-x86_64-fedora-clang | 0.0.1 | 35.45 | OK | |||
| r-devel-linux-x86_64-fedora-gcc | 0.0.1 | 31.23 | OK | |||
| r-devel-windows-x86_64 | 0.0.1 | 5.00 | 40.00 | 45.00 | OK | |
| r-patched-linux-x86_64 | 0.0.1 | 1.55 | 20.46 | 22.01 | OK | |
| r-release-linux-x86_64 | 0.0.1 | 1.51 | 20.25 | 21.76 | OK | |
| r-release-macos-arm64 | 0.0.1 | 1.00 | 20.00 | 21.00 | OK | |
| r-release-macos-x86_64 | 0.0.1 | 2.00 | 26.00 | 28.00 | OK | |
| r-release-windows-x86_64 | 0.0.1 | 3.00 | 40.00 | 43.00 | OK | |
| r-oldrel-macos-arm64 | 0.0.1 | 1.00 | 17.00 | 18.00 | NOTE | |
| r-oldrel-macos-x86_64 | 0.0.1 | 2.00 | 21.00 | 23.00 | NOTE | |
| r-oldrel-windows-x86_64 | 0.0.1 | 5.00 | 47.00 | 52.00 | NOTE |
Version: 0.0.1
Check: LazyData
Result: NOTE
'LazyData' is specified without a 'data' directory
Flavors: r-oldrel-macos-arm64, r-oldrel-macos-x86_64, r-oldrel-windows-x86_64