CRAN Package Check Results for Package gotop

Last updated on 2025-11-16 04:48:37 CET.

Flavor Version Tinstall Tcheck Ttotal Status Flags
r-devel-linux-x86_64-debian-clang 0.1.4 1.99 26.36 28.35 OK
r-devel-linux-x86_64-debian-gcc 0.1.4 1.36 21.44 22.80 NOTE
r-devel-linux-x86_64-fedora-clang 0.1.4 41.04 OK
r-devel-linux-x86_64-fedora-gcc 0.1.4 37.85 OK
r-devel-windows-x86_64 0.1.4 5.00 47.00 52.00 OK
r-patched-linux-x86_64 0.1.4 1.67 24.31 25.98 OK
r-release-linux-x86_64 0.1.4 2.12 24.00 26.12 OK
r-release-macos-arm64 0.1.4 2.00 22.00 24.00 OK
r-release-macos-x86_64 0.1.4 2.00 27.00 29.00 OK
r-release-windows-x86_64 0.1.4 3.00 53.00 56.00 OK
r-oldrel-macos-arm64 0.1.4 1.00 19.00 20.00 OK
r-oldrel-macos-x86_64 0.1.4 2.00 24.00 26.00 OK
r-oldrel-windows-x86_64 0.1.4 5.00 54.00 59.00 OK

Check Details

Version: 0.1.4
Check: CRAN incoming feasibility
Result: NOTE Maintainer: ‘Félix Luginbuhl <felix.luginbuhl@protonmail.ch>’ The BugReports field in DESCRIPTION has https://github.com/lgnbhl/gotop/issues/ which should likely be https://github.com/lgnbhl/gotop/issues/issues instead. Flavor: r-devel-linux-x86_64-debian-gcc