CRAN Package Check Results for Package granova

Last updated on 2025-11-16 04:48:37 CET.

Flavor Version Tinstall Tcheck Ttotal Status Flags
r-devel-linux-x86_64-debian-clang 2.3 2.64 37.24 39.88 OK
r-devel-linux-x86_64-debian-gcc 2.3 1.99 30.62 32.61 NOTE
r-devel-linux-x86_64-fedora-clang 2.3 11.00 50.71 61.71 OK
r-devel-linux-x86_64-fedora-gcc 2.3 56.21 OK
r-devel-windows-x86_64 2.3 6.00 55.00 61.00 OK
r-patched-linux-x86_64 2.3 2.90 34.71 37.61 OK
r-release-linux-x86_64 2.3 2.50 34.98 37.48 OK
r-release-macos-arm64 2.3 1.00 19.00 20.00 OK
r-release-macos-x86_64 2.3 2.00 35.00 37.00 OK
r-release-windows-x86_64 2.3 4.00 52.00 56.00 OK
r-oldrel-macos-arm64 2.3 1.00 23.00 24.00 OK
r-oldrel-macos-x86_64 2.3 2.00 39.00 41.00 OK
r-oldrel-windows-x86_64 2.3 7.00 76.00 83.00 OK

Check Details

Version: 2.3
Check: CRAN incoming feasibility
Result: NOTE Maintainer: ‘Frederic Bertrand <frederic.bertrand@lecnam.net>’ The BugReports field in DESCRIPTION has https://github.com/fbertran/granova/issues/ which should likely be https://github.com/fbertran/granova/issues/issues instead. Flavor: r-devel-linux-x86_64-debian-gcc