Last updated on 2025-02-21 04:51:48 CET.
Flavor | Version | Tinstall | Tcheck | Ttotal | Status | Flags |
---|---|---|---|---|---|---|
r-devel-linux-x86_64-debian-clang | 1.8.0 | 13.73 | 171.96 | 185.69 | OK | |
r-devel-linux-x86_64-debian-gcc | 1.8.0 | 7.87 | 117.03 | 124.90 | OK | |
r-devel-linux-x86_64-fedora-clang | 1.8.0 | 287.58 | NOTE | |||
r-devel-linux-x86_64-fedora-gcc | 1.8.0 | 293.50 | NOTE | |||
r-devel-macos-arm64 | 1.8.0 | 91.00 | OK | |||
r-devel-macos-x86_64 | 1.8.0 | 166.00 | OK | |||
r-devel-windows-x86_64 | 1.8.0 | 16.00 | 184.00 | 200.00 | OK | |
r-patched-linux-x86_64 | 1.8.0 | 13.32 | 159.94 | 173.26 | OK | |
r-release-linux-x86_64 | 1.8.0 | 12.96 | 159.84 | 172.80 | OK | |
r-release-macos-arm64 | 1.8.0 | 84.00 | OK | |||
r-release-macos-x86_64 | 1.8.0 | 127.00 | OK | |||
r-release-windows-x86_64 | 1.8.0 | 18.00 | 186.00 | 204.00 | OK | |
r-oldrel-macos-arm64 | 1.8.0 | 84.00 | OK | |||
r-oldrel-macos-x86_64 | 1.8.0 | 138.00 | OK | |||
r-oldrel-windows-x86_64 | 1.8.0 | 22.00 | 238.00 | 260.00 | OK |
Version: 1.8.0
Check: dependencies in R code
Result: NOTE
Namespace in Imports field not imported from: ‘Rdpack’
All declared Imports should be used.
Flavors: r-devel-linux-x86_64-fedora-clang, r-devel-linux-x86_64-fedora-gcc