Last updated on 2025-11-16 04:48:37 CET.
| Flavor | Version | Tinstall | Tcheck | Ttotal | Status | Flags |
|---|---|---|---|---|---|---|
| r-devel-linux-x86_64-debian-clang | 1.8.0 | 13.46 | 193.19 | 206.65 | NOTE | |
| r-devel-linux-x86_64-debian-gcc | 1.8.0 | 8.68 | 139.65 | 148.33 | NOTE | |
| r-devel-linux-x86_64-fedora-clang | 1.8.0 | 63.00 | 304.73 | 367.73 | NOTE | |
| r-devel-linux-x86_64-fedora-gcc | 1.8.0 | 29.00 | 297.02 | 326.02 | NOTE | |
| r-devel-windows-x86_64 | 1.8.0 | 24.00 | 211.00 | 235.00 | OK | |
| r-patched-linux-x86_64 | 1.8.0 | 14.13 | 186.23 | 200.36 | OK | |
| r-release-linux-x86_64 | 1.8.0 | 13.54 | 189.74 | 203.28 | OK | |
| r-release-macos-arm64 | 1.8.0 | 5.00 | 80.00 | 85.00 | OK | |
| r-release-macos-x86_64 | 1.8.0 | 14.00 | 152.00 | 166.00 | OK | |
| r-release-windows-x86_64 | 1.8.0 | 20.00 | 203.00 | 223.00 | OK | |
| r-oldrel-macos-arm64 | 1.8.0 | 6.00 | 78.00 | 84.00 | OK | |
| r-oldrel-macos-x86_64 | 1.8.0 | 8.00 | 119.00 | 127.00 | OK | |
| r-oldrel-windows-x86_64 | 1.8.0 | 25.00 | 271.00 | 296.00 | OK |
Version: 1.8.0
Check: CRAN incoming feasibility
Result: NOTE
Maintainer: ‘Paul Savary <psavary@protonmail.com>’
Package CITATION file contains call(s) to old-style personList() or
as.personList(). Please use c() on person objects instead.
Package CITATION file contains call(s) to old-style citEntry(). Please
use bibentry() instead.
Flavors: r-devel-linux-x86_64-debian-clang, r-devel-linux-x86_64-debian-gcc
Version: 1.8.0
Check: dependencies in R code
Result: NOTE
Namespace in Imports field not imported from: ‘Rdpack’
All declared Imports should be used.
Flavors: r-devel-linux-x86_64-fedora-clang, r-devel-linux-x86_64-fedora-gcc