Last updated on 2025-11-16 04:48:37 CET.
| Flavor | Version | Tinstall | Tcheck | Ttotal | Status | Flags |
|---|---|---|---|---|---|---|
| r-devel-linux-x86_64-debian-clang | 1.0.0 | 10.71 | 125.01 | 135.72 | OK | |
| r-devel-linux-x86_64-debian-gcc | 1.0.0 | 7.36 | 92.33 | 99.69 | OK | |
| r-devel-linux-x86_64-fedora-clang | 1.0.0 | 55.00 | 171.01 | 226.01 | NOTE | |
| r-devel-linux-x86_64-fedora-gcc | 1.0.0 | 21.00 | 190.51 | 211.51 | NOTE | |
| r-devel-windows-x86_64 | 1.0.0 | 15.00 | 118.00 | 133.00 | OK | |
| r-patched-linux-x86_64 | 1.0.0 | 11.84 | 117.92 | 129.76 | OK | |
| r-release-linux-x86_64 | 1.0.0 | 9.38 | 120.21 | 129.59 | OK | |
| r-release-macos-arm64 | 1.0.0 | 7.00 | 83.00 | 90.00 | OK | |
| r-release-macos-x86_64 | 1.0.0 | 9.00 | 96.00 | 105.00 | OK | |
| r-release-windows-x86_64 | 1.0.0 | 13.00 | 146.00 | 159.00 | OK | |
| r-oldrel-macos-arm64 | 1.0.0 | 5.00 | 53.00 | 58.00 | NOTE | |
| r-oldrel-macos-x86_64 | 1.0.0 | 7.00 | 80.00 | 87.00 | NOTE | |
| r-oldrel-windows-x86_64 | 1.0.0 | 16.00 | 156.00 | 172.00 | NOTE |
Version: 1.0.0
Check: dependencies in R code
Result: NOTE
Namespace in Imports field not imported from: ‘reshape2’
All declared Imports should be used.
Flavors: r-devel-linux-x86_64-fedora-clang, r-devel-linux-x86_64-fedora-gcc
Version: 1.0.0
Check: LazyData
Result: NOTE
'LazyData' is specified without a 'data' directory
Flavors: r-oldrel-macos-arm64, r-oldrel-macos-x86_64, r-oldrel-windows-x86_64