Last updated on 2025-02-22 04:51:13 CET.
Flavor | Version | Tinstall | Tcheck | Ttotal | Status | Flags |
---|---|---|---|---|---|---|
r-devel-linux-x86_64-debian-clang | 0.2 | 345.71 | 103.64 | 449.35 | OK | |
r-devel-linux-x86_64-debian-gcc | 0.2 | 337.63 | 106.76 | 444.39 | OK | |
r-devel-linux-x86_64-fedora-clang | 0.2 | 740.58 | OK | |||
r-devel-linux-x86_64-fedora-gcc | 0.2 | 1040.31 | OK | |||
r-devel-macos-arm64 | 0.2 | 197.00 | OK | |||
r-devel-macos-x86_64 | 0.2 | 200.00 | OK | |||
r-devel-windows-x86_64 | 0.2 | 366.00 | 148.00 | 514.00 | OK | |
r-patched-linux-x86_64 | 0.2 | 472.60 | 135.63 | 608.23 | NOTE | |
r-release-linux-x86_64 | 0.2 | 455.42 | 137.86 | 593.28 | NOTE | |
r-release-macos-arm64 | 0.2 | 104.00 | NOTE | |||
r-release-macos-x86_64 | 0.2 | 104.00 | NOTE | |||
r-release-windows-x86_64 | 0.2 | 360.00 | 150.00 | 510.00 | NOTE | |
r-oldrel-macos-arm64 | 0.2 | 233.00 | NOTE | |||
r-oldrel-macos-x86_64 | 0.2 | 264.00 | NOTE | |||
r-oldrel-windows-x86_64 | 0.2 | 469.00 | 185.00 | 654.00 | NOTE |
Version: 0.2
Check: for GNU extensions in Makefiles
Result: NOTE
GNU make is a SystemRequirements.
Flavors: r-patched-linux-x86_64, r-release-linux-x86_64, r-release-macos-arm64, r-release-macos-x86_64, r-release-windows-x86_64, r-oldrel-macos-arm64, r-oldrel-macos-x86_64, r-oldrel-windows-x86_64
Version: 0.2
Check: installed package size
Result: NOTE
installed size is 59.8Mb
sub-directories of 1Mb or more:
libs 59.6Mb
Flavors: r-release-macos-arm64, r-release-macos-x86_64, r-oldrel-macos-arm64, r-oldrel-macos-x86_64