Last updated on 2024-08-25 05:49:22 CEST.
Flavor | Version | Tinstall | Tcheck | Ttotal | Status | Flags |
---|---|---|---|---|---|---|
r-devel-linux-x86_64-debian-clang | 0.2 | 373.15 | 103.40 | 476.55 | NOTE | |
r-devel-linux-x86_64-debian-gcc | 0.2 | 362.05 | 104.99 | 467.04 | NOTE | |
r-devel-linux-x86_64-fedora-clang | 0.2 | 778.34 | NOTE | |||
r-devel-linux-x86_64-fedora-gcc | 0.2 | 1102.84 | NOTE | |||
r-devel-windows-x86_64 | 0.2 | 391.00 | 151.00 | 542.00 | NOTE | |
r-patched-linux-x86_64 | 0.2 | 415.64 | 137.00 | 552.64 | NOTE | |
r-release-linux-x86_64 | 0.2 | 451.08 | 138.67 | 589.75 | NOTE | |
r-release-macos-arm64 | 0.2 | 189.00 | NOTE | |||
r-release-macos-x86_64 | 0.2 | 175.00 | NOTE | |||
r-release-windows-x86_64 | 0.2 | 376.00 | 156.00 | 532.00 | NOTE | |
r-oldrel-macos-arm64 | 0.2 | 233.00 | NOTE | |||
r-oldrel-macos-x86_64 | 0.2 | 264.00 | NOTE | |||
r-oldrel-windows-x86_64 | 0.2 | 486.00 | 181.00 | 667.00 | NOTE |
Version: 0.2
Check: for GNU extensions in Makefiles
Result: NOTE
GNU make is a SystemRequirements.
Flavors: r-devel-linux-x86_64-debian-clang, r-devel-linux-x86_64-debian-gcc, r-devel-linux-x86_64-fedora-clang, r-devel-linux-x86_64-fedora-gcc, r-devel-windows-x86_64, r-patched-linux-x86_64, r-release-linux-x86_64, r-release-macos-arm64, r-release-macos-x86_64, r-release-windows-x86_64, r-oldrel-macos-arm64, r-oldrel-macos-x86_64, r-oldrel-windows-x86_64
Version: 0.2
Check: installed package size
Result: NOTE
installed size is 58.6Mb
sub-directories of 1Mb or more:
libs 58.4Mb
Flavors: r-release-macos-arm64, r-release-macos-x86_64, r-oldrel-macos-arm64, r-oldrel-macos-x86_64