Last updated on 2025-02-22 04:51:13 CET.
Flavor | Version | Tinstall | Tcheck | Ttotal | Status | Flags |
---|---|---|---|---|---|---|
r-devel-linux-x86_64-debian-clang | 0.0.4 | 21.52 | 348.97 | 370.49 | OK | |
r-devel-linux-x86_64-debian-gcc | 0.0.4 | 16.75 | 212.89 | 229.64 | OK | |
r-devel-linux-x86_64-fedora-clang | 0.0.4 | 596.54 | OK | |||
r-devel-linux-x86_64-fedora-gcc | 0.0.4 | 595.99 | OK | |||
r-devel-macos-arm64 | 0.0.4 | 157.00 | OK | |||
r-devel-macos-x86_64 | 0.0.4 | 339.00 | OK | |||
r-devel-windows-x86_64 | 0.0.4 | 27.00 | 315.00 | 342.00 | OK | |
r-patched-linux-x86_64 | 0.0.4 | 23.58 | 322.77 | 346.35 | OK | |
r-release-linux-x86_64 | 0.0.4 | 18.22 | 325.02 | 343.24 | OK | |
r-release-macos-arm64 | 0.0.4 | 152.00 | NOTE | |||
r-release-macos-x86_64 | 0.0.4 | 269.00 | OK | |||
r-release-windows-x86_64 | 0.0.4 | 25.00 | 330.00 | 355.00 | OK | |
r-oldrel-macos-arm64 | 0.0.4 | 159.00 | NOTE | |||
r-oldrel-macos-x86_64 | 0.0.4 | 336.00 | OK | |||
r-oldrel-windows-x86_64 | 0.0.4 | 33.00 | 431.00 | 464.00 | OK |
Version: 0.0.4
Check: installed package size
Result: NOTE
installed size is 5.0Mb
sub-directories of 1Mb or more:
doc 1.6Mb
libs 2.4Mb
Flavors: r-release-macos-arm64, r-oldrel-macos-arm64