Last updated on 2025-10-25 05:50:03 CEST.
| Flavor | Version | Tinstall | Tcheck | Ttotal | Status | Flags |
|---|---|---|---|---|---|---|
| r-devel-linux-x86_64-debian-clang | 0.3.2 | 11.12 | 86.58 | 97.70 | ERROR | |
| r-devel-linux-x86_64-debian-gcc | 0.3.2 | 7.02 | 60.70 | 67.72 | OK | |
| r-devel-linux-x86_64-fedora-clang | 0.3.2 | 56.00 | 102.88 | 158.88 | OK | |
| r-devel-linux-x86_64-fedora-gcc | 0.3.2 | 102.00 | 55.14 | 157.14 | OK | |
| r-devel-windows-x86_64 | 0.3.2 | 12.00 | 90.00 | 102.00 | OK | |
| r-patched-linux-x86_64 | 0.3.2 | 9.97 | 78.37 | 88.34 | OK | |
| r-release-linux-x86_64 | 0.3.2 | 9.93 | 78.71 | 88.64 | OK | |
| r-release-macos-arm64 | 0.3.2 | 4.00 | 38.00 | 42.00 | OK | |
| r-release-macos-x86_64 | 0.3.2 | 8.00 | 63.00 | 71.00 | OK | |
| r-release-windows-x86_64 | 0.3.2 | 12.00 | 90.00 | 102.00 | OK | |
| r-oldrel-macos-arm64 | 0.3.2 | 4.00 | 41.00 | 45.00 | OK | |
| r-oldrel-macos-x86_64 | 0.3.2 | 8.00 | 60.00 | 68.00 | OK | |
| r-oldrel-windows-x86_64 | 0.3.2 | 17.00 | 115.00 | 132.00 | OK |
Version: 0.3.2
Check: tests
Result: ERROR
Running ‘spelling.R’ [0s/0s]
Running ‘testthat.R’ [3s/19s]
Running the tests in ‘tests/testthat.R’ failed.
Complete output:
> library(testthat)
> library(gwavr)
>
> test_check("gwavr")
[ FAIL 1 | WARN 0 | SKIP 2 | PASS 0 ]
══ Skipped tests (2) ═══════════════════════════════════════════════════════════
• On CRAN (2): 'test-nldi.R:1:1', 'test-usgs.R:1:1'
══ Failed tests ════════════════════════════════════════════════════════════════
── Error ('test-noaa.R:12:3'): noaa api ────────────────────────────────────────
<curl_error_operation_timedout/curl_error/error/condition>
Error in `curl::curl_fetch_disk(url, x$path, handle = handle)`: Timeout was reached [hdsc.nws.noaa.gov]:
Resolving timed out after 10000 milliseconds
Backtrace:
▆
1. ├─httr::GET(...) at test-noaa.R:12:3
2. │ └─httr:::request_perform(req, hu$handle$handle)
3. │ ├─httr:::request_fetch(req$output, req$url, handle)
4. │ └─httr:::request_fetch.write_disk(req$output, req$url, handle)
5. │ └─curl::curl_fetch_disk(url, x$path, handle = handle)
6. └─curl:::raise_libcurl_error(...)
[ FAIL 1 | WARN 0 | SKIP 2 | PASS 0 ]
Error: Test failures
Execution halted
Flavor: r-devel-linux-x86_64-debian-clang