Last updated on 2024-08-25 05:49:23 CEST.
Flavor | Version | Tinstall | Tcheck | Ttotal | Status | Flags |
---|---|---|---|---|---|---|
r-devel-linux-x86_64-debian-clang | 0.2.0 | 13.96 | 214.72 | 228.68 | OK | |
r-devel-linux-x86_64-debian-gcc | 0.2.0 | 9.07 | 156.96 | 166.03 | OK | |
r-devel-linux-x86_64-fedora-clang | 0.2.0 | 417.90 | OK | |||
r-devel-linux-x86_64-fedora-gcc | 0.2.0 | 192.42 | ERROR | |||
r-devel-windows-x86_64 | 0.2.0 | 15.00 | 305.00 | 320.00 | OK | |
r-patched-linux-x86_64 | 0.2.0 | 13.57 | 215.51 | 229.08 | OK | |
r-release-linux-x86_64 | 0.2.0 | 10.72 | 215.78 | 226.50 | OK | |
r-release-macos-arm64 | 0.2.0 | 142.00 | OK | |||
r-release-macos-x86_64 | 0.2.0 | 348.00 | OK | |||
r-release-windows-x86_64 | 0.2.0 | 14.00 | 314.00 | 328.00 | OK | |
r-oldrel-macos-arm64 | 0.2.0 | 167.00 | ERROR | |||
r-oldrel-macos-x86_64 | 0.2.0 | 174.00 | ERROR | |||
r-oldrel-windows-x86_64 | 0.2.0 | 19.00 | 323.00 | 342.00 | OK |
Version: 0.2.0
Check: re-building of vignette outputs
Result: ERROR
Error(s) in re-building vignettes:
--- re-building ‘my-vignette.Rmd’ using rmarkdown
Quitting from lines 76-84 [unnamed-chunk-5] (my-vignette.Rmd)
Error: processing vignette 'my-vignette.Rmd' failed with diagnostics:
! Cannot access release data for repo "soroushmdg/gwid".
Check that you have provided a `.token` and that the repo is correctly
specified.
GitHub API error (403): API rate limit exceeded for 163.1.211.17. (But here's
the good news: Authenticated requests get a higher rate limit. Check out the
documentation for more details.)
--- failed re-building ‘my-vignette.Rmd’
SUMMARY: processing the following file failed:
‘my-vignette.Rmd’
Error: Vignette re-building failed.
Execution halted
Flavor: r-devel-linux-x86_64-fedora-gcc
Version: 0.2.0
Check: running R code from vignettes
Result: ERROR
Errors in running code in vignettes:
when running code in ‘my-vignette.Rmd’
...
The following objects are masked from ‘package:base’:
print, subset
> knitr::include_graphics("../man/figures/final-copy-arrow.png")
When sourcing ‘my-vignette.R’:
Error: Cannot find the file(s): "../man/figures/final-copy-arrow.png"
Execution halted
‘my-vignette.Rmd’ using ‘UTF-8’... failed
Flavors: r-oldrel-macos-arm64, r-oldrel-macos-x86_64
Version: 0.2.0
Check: re-building of vignette outputs
Result: NOTE
Error(s) in re-building vignettes:
...
--- re-building ‘my-vignette.Rmd’ using rmarkdown
Warning in close.connection(con) :
Problem closing connection: No space left on device
Quitting from lines 76-84 [unnamed-chunk-5] (my-vignette.Rmd)
Error: processing vignette 'my-vignette.Rmd' failed with diagnostics:
Failure writing output to destination
--- failed re-building ‘my-vignette.Rmd’
SUMMARY: processing the following file failed:
‘my-vignette.Rmd’
Error: Vignette re-building failed.
Execution halted
Flavor: r-oldrel-macos-x86_64