Last updated on 2025-11-16 04:48:38 CET.
| Flavor | Version | Tinstall | Tcheck | Ttotal | Status | Flags |
|---|---|---|---|---|---|---|
| r-devel-linux-x86_64-debian-clang | 1.4.4 | 18.37 | 125.12 | 143.49 | OK | |
| r-devel-linux-x86_64-debian-gcc | 1.4.4 | 12.31 | 94.08 | 106.39 | NOTE | |
| r-devel-linux-x86_64-fedora-clang | 1.4.4 | 62.00 | 173.78 | 235.78 | OK | |
| r-devel-linux-x86_64-fedora-gcc | 1.4.4 | 40.00 | 192.52 | 232.52 | OK | |
| r-devel-windows-x86_64 | 1.4.4 | 33.00 | 233.00 | 266.00 | OK | |
| r-patched-linux-x86_64 | 1.4.4 | 18.37 | 123.82 | 142.19 | OK | |
| r-release-linux-x86_64 | 1.4.4 | 16.89 | 122.40 | 139.29 | OK | |
| r-release-macos-arm64 | 1.4.4 | 6.00 | 58.00 | 64.00 | OK | |
| r-release-macos-x86_64 | 1.4.4 | 9.00 | 112.00 | 121.00 | OK | |
| r-release-windows-x86_64 | 1.4.4 | 23.00 | 235.00 | 258.00 | OK | |
| r-oldrel-macos-arm64 | 1.4.4 | 7.00 | 54.00 | 61.00 | OK | |
| r-oldrel-macos-x86_64 | 1.4.4 | 8.00 | 109.00 | 117.00 | OK | |
| r-oldrel-windows-x86_64 | 1.4.4 | 30.00 | 247.00 | 277.00 | OK |
Version: 1.4.4
Check: CRAN incoming feasibility
Result: NOTE
Maintainer: ‘Ghislain Vieilledent <ghislain.vieilledent@cirad.fr>’
The BugReports field in DESCRIPTION has
https://github.com/ghislainv/hSDM/issues/
which should likely be
https://github.com/ghislainv/hSDM/issues/issues
instead.
Flavor: r-devel-linux-x86_64-debian-gcc