Last updated on 2024-08-25 05:49:23 CEST.
Flavor | Version | Tinstall | Tcheck | Ttotal | Status | Flags |
---|---|---|---|---|---|---|
r-devel-linux-x86_64-debian-clang | 1.0.2 | 18.53 | 34.08 | 52.61 | NOTE | |
r-devel-linux-x86_64-debian-gcc | 1.0.2 | 14.29 | 25.00 | 39.29 | NOTE | |
r-devel-linux-x86_64-fedora-clang | 1.0.2 | 93.50 | OK | |||
r-devel-linux-x86_64-fedora-gcc | 1.0.2 | 96.71 | OK | |||
r-devel-windows-x86_64 | 1.0.2 | 21.00 | 77.00 | 98.00 | NOTE | |
r-patched-linux-x86_64 | 1.0.2 | 20.12 | 32.60 | 52.72 | OK | |
r-release-linux-x86_64 | 1.0.2 | 18.44 | 32.94 | 51.38 | OK | |
r-release-macos-arm64 | 1.0.2 | 29.00 | OK | |||
r-release-macos-x86_64 | 1.0.2 | 53.00 | OK | |||
r-release-windows-x86_64 | 1.0.2 | 22.00 | 79.00 | 101.00 | OK | |
r-oldrel-macos-arm64 | 1.0.2 | 33.00 | OK | |||
r-oldrel-macos-x86_64 | 1.0.2 | 52.00 | OK | |||
r-oldrel-windows-x86_64 | 1.0.2 | 27.00 | 86.00 | 113.00 | OK |
Version: 1.0.2
Check: Rd cross-references
Result: NOTE
Found the following Rd file(s) with Rd \link{} targets missing package
anchors:
dcbs.alg.Rd: foreach
sbs.alg.Rd: foreach
Please provide package anchors for all Rd \link{} targets not in the
package itself and the base packages.
Flavors: r-devel-linux-x86_64-debian-clang, r-devel-linux-x86_64-debian-gcc, r-devel-windows-x86_64