Last updated on 2025-10-26 04:48:37 CET.
| Flavor | Version | Tinstall | Tcheck | Ttotal | Status | Flags |
|---|---|---|---|---|---|---|
| r-devel-linux-x86_64-debian-clang | 0.6.0 | 1.79 | 31.41 | 33.20 | OK | |
| r-devel-linux-x86_64-debian-gcc | 0.6.0 | 1.65 | 24.68 | 26.33 | OK | |
| r-devel-linux-x86_64-fedora-clang | 0.6.0 | 49.78 | OK | |||
| r-devel-linux-x86_64-fedora-gcc | 0.6.0 | 58.43 | OK | |||
| r-devel-windows-x86_64 | 0.6.0 | 3.00 | 52.00 | 55.00 | OK | |
| r-patched-linux-x86_64 | 0.6.0 | 1.92 | 30.43 | 32.35 | OK | |
| r-release-linux-x86_64 | 0.6.0 | 1.69 | 29.35 | 31.04 | OK | |
| r-release-macos-arm64 | 0.6.0 | 1.00 | 26.00 | 27.00 | OK | |
| r-release-macos-x86_64 | 0.6.0 | 2.00 | 48.00 | 50.00 | OK | |
| r-release-windows-x86_64 | 0.6.0 | 4.00 | 54.00 | 58.00 | OK | |
| r-oldrel-macos-arm64 | 0.6.0 | 1.00 | 24.00 | 25.00 | NOTE | |
| r-oldrel-macos-x86_64 | 0.6.0 | 2.00 | 40.00 | 42.00 | NOTE | |
| r-oldrel-windows-x86_64 | 0.6.0 | 4.00 | 60.00 | 64.00 | NOTE |
Version: 0.6.0
Check: LazyData
Result: NOTE
'LazyData' is specified without a 'data' directory
Flavors: r-oldrel-macos-arm64, r-oldrel-macos-x86_64, r-oldrel-windows-x86_64