Last updated on 2025-11-16 04:48:38 CET.
| Flavor | Version | Tinstall | Tcheck | Ttotal | Status | Flags |
|---|---|---|---|---|---|---|
| r-devel-linux-x86_64-debian-clang | 1.0.3 | 2.90 | 178.37 | 181.27 | NOTE | |
| r-devel-linux-x86_64-debian-gcc | 1.0.3 | 2.09 | 115.77 | 117.86 | NOTE | |
| r-devel-linux-x86_64-fedora-clang | 1.0.3 | 286.82 | NOTE | |||
| r-devel-linux-x86_64-fedora-gcc | 1.0.3 | 300.74 | NOTE | |||
| r-devel-windows-x86_64 | 1.0.3 | 8.00 | 180.00 | 188.00 | NOTE | |
| r-patched-linux-x86_64 | 1.0.3 | 2.80 | 170.44 | 173.24 | NOTE | |
| r-release-linux-x86_64 | 1.0.3 | 2.98 | 170.46 | 173.44 | NOTE | |
| r-release-macos-arm64 | 1.0.3 | 1.00 | 79.00 | 80.00 | NOTE | |
| r-release-macos-x86_64 | 1.0.3 | 2.00 | 144.00 | 146.00 | NOTE | |
| r-release-windows-x86_64 | 1.0.3 | 5.00 | 183.00 | 188.00 | NOTE | |
| r-oldrel-macos-arm64 | 1.0.3 | 2.00 | 77.00 | 79.00 | NOTE | |
| r-oldrel-macos-x86_64 | 1.0.3 | 2.00 | 122.00 | 124.00 | NOTE | |
| r-oldrel-windows-x86_64 | 1.0.3 | 6.00 | 243.00 | 249.00 | NOTE |
Version: 1.0.3
Check: Rd files
Result: NOTE
checkRd: (-1) predictPair.Rd:20: Lost braces; missing escapes or markup?
20 | A number in the set {-1, 0, 1}, where 1 means row1 is predicted to
| ^
checkRd: (-1) predictPairInternal.Rd:18: Lost braces; missing escapes or markup?
18 | A number in the set {-1, 0, 1}, where 1 means row1 is predicted to
| ^
Flavors: r-devel-linux-x86_64-debian-clang, r-devel-linux-x86_64-debian-gcc, r-devel-linux-x86_64-fedora-clang, r-devel-linux-x86_64-fedora-gcc, r-devel-windows-x86_64, r-patched-linux-x86_64, r-release-linux-x86_64, r-release-macos-arm64, r-release-macos-x86_64, r-release-windows-x86_64, r-oldrel-macos-arm64, r-oldrel-macos-x86_64, r-oldrel-windows-x86_64