Last updated on 2025-02-21 04:51:49 CET.
Flavor | Version | Tinstall | Tcheck | Ttotal | Status | Flags |
---|---|---|---|---|---|---|
r-devel-linux-x86_64-debian-clang | 0.3.2 | 9.94 | 149.81 | 159.75 | NOTE | |
r-devel-linux-x86_64-debian-gcc | 0.3.2 | 6.85 | 102.63 | 109.48 | NOTE | |
r-devel-linux-x86_64-fedora-clang | 0.3.2 | 255.73 | NOTE | |||
r-devel-linux-x86_64-fedora-gcc | 0.3.2 | 263.61 | NOTE | |||
r-devel-macos-arm64 | 0.3.2 | 87.00 | OK | |||
r-devel-macos-x86_64 | 0.3.2 | 164.00 | NOTE | |||
r-devel-windows-x86_64 | 0.3.2 | 13.00 | 159.00 | 172.00 | NOTE | |
r-patched-linux-x86_64 | 0.3.2 | 10.20 | 137.46 | 147.66 | OK | |
r-release-linux-x86_64 | 0.3.2 | 9.66 | 138.01 | 147.67 | OK | |
r-release-macos-arm64 | 0.3.2 | 74.00 | OK | |||
r-release-macos-x86_64 | 0.3.2 | 118.00 | OK | |||
r-release-windows-x86_64 | 0.3.2 | 12.00 | 151.00 | 163.00 | OK | |
r-oldrel-macos-arm64 | 0.3.2 | 77.00 | OK | |||
r-oldrel-macos-x86_64 | 0.3.2 | 190.00 | OK | |||
r-oldrel-windows-x86_64 | 0.3.2 | 14.00 | 210.00 | 224.00 | OK |
Version: 0.3.2
Check: DESCRIPTION meta-information
Result: NOTE
Missing dependency on R >= 4.1.0 because package code uses the pipe
|> or function shorthand \(...) syntax added in R 4.1.0.
File(s) using such syntax:
‘maps.R’ ‘utils.R’
Flavors: r-devel-linux-x86_64-debian-clang, r-devel-linux-x86_64-debian-gcc, r-devel-linux-x86_64-fedora-clang, r-devel-linux-x86_64-fedora-gcc, r-devel-macos-x86_64, r-devel-windows-x86_64