Last updated on 2025-11-16 04:48:38 CET.
| Flavor | Version | Tinstall | Tcheck | Ttotal | Status | Flags |
|---|---|---|---|---|---|---|
| r-devel-linux-x86_64-debian-clang | 0.10 | 27.84 | 242.22 | 270.06 | OK | |
| r-devel-linux-x86_64-debian-gcc | 0.10 | 20.64 | 167.97 | 188.61 | OK | |
| r-devel-linux-x86_64-fedora-clang | 0.10 | 146.00 | 293.34 | 439.34 | NOTE | |
| r-devel-linux-x86_64-fedora-gcc | 0.10 | 81.00 | 331.20 | 412.20 | NOTE | |
| r-devel-windows-x86_64 | 0.10 | 32.00 | 213.00 | 245.00 | OK | |
| r-patched-linux-x86_64 | 0.10 | 25.89 | 233.72 | 259.61 | OK | |
| r-release-linux-x86_64 | 0.10 | 27.80 | 230.53 | 258.33 | OK | |
| r-release-macos-arm64 | 0.10 | 17.00 | 126.00 | 143.00 | OK | |
| r-release-macos-x86_64 | 0.10 | 38.00 | 257.00 | 295.00 | OK | |
| r-release-windows-x86_64 | 0.10 | 27.00 | 207.00 | 234.00 | OK | |
| r-oldrel-macos-arm64 | 0.10 | 13.00 | 117.00 | 130.00 | OK | |
| r-oldrel-macos-x86_64 | 0.10 | 29.00 | 166.00 | 195.00 | OK | |
| r-oldrel-windows-x86_64 | 0.10 | 40.00 | 282.00 | 322.00 | OK |
Version: 0.10
Check: dependencies in R code
Result: NOTE
Namespaces in Imports field not imported from:
‘knitr’ ‘rmarkdown’
All declared Imports should be used.
Flavors: r-devel-linux-x86_64-fedora-clang, r-devel-linux-x86_64-fedora-gcc