Last updated on 2025-11-16 04:48:38 CET.
| Flavor | Version | Tinstall | Tcheck | Ttotal | Status | Flags |
|---|---|---|---|---|---|---|
| r-devel-linux-x86_64-debian-clang | 0.2.5 | 10.88 | 90.42 | 101.30 | OK | |
| r-devel-linux-x86_64-debian-gcc | 0.2.5 | 6.89 | 64.63 | 71.52 | NOTE | |
| r-devel-linux-x86_64-fedora-clang | 0.2.5 | 24.00 | 129.27 | 153.27 | OK | |
| r-devel-linux-x86_64-fedora-gcc | 0.2.5 | 25.00 | 117.47 | 142.47 | OK | |
| r-devel-windows-x86_64 | 0.2.5 | 12.00 | 103.00 | 115.00 | OK | |
| r-patched-linux-x86_64 | 0.2.5 | 9.46 | 85.89 | 95.35 | OK | |
| r-release-linux-x86_64 | 0.2.5 | 10.27 | 85.69 | 95.96 | OK | |
| r-release-macos-arm64 | 0.2.5 | 5.00 | 41.00 | 46.00 | OK | |
| r-release-macos-x86_64 | 0.2.5 | 9.00 | 72.00 | 81.00 | OK | |
| r-release-windows-x86_64 | 0.2.5 | 12.00 | 88.00 | 100.00 | OK | |
| r-oldrel-macos-arm64 | 0.2.5 | 5.00 | 40.00 | 45.00 | OK | |
| r-oldrel-macos-x86_64 | 0.2.5 | 7.00 | 59.00 | 66.00 | OK | |
| r-oldrel-windows-x86_64 | 0.2.5 | 16.00 | 117.00 | 133.00 | OK |
Version: 0.2.5
Check: CRAN incoming feasibility
Result: NOTE
Maintainer: ‘Josh Errickson <jerrick@umich.edu>’
The BugReports field in DESCRIPTION has
https://github.com/josherrickson/howManyImputations/issues/
which should likely be
https://github.com/josherrickson/howManyImputations/issues/issues
instead.
Flavor: r-devel-linux-x86_64-debian-gcc