CRAN Package Check Results for Package hstats

Last updated on 2025-11-16 04:48:38 CET.

Flavor Version Tinstall Tcheck Ttotal Status Flags
r-devel-linux-x86_64-debian-clang 1.2.2 7.03 90.09 97.12 OK
r-devel-linux-x86_64-debian-gcc 1.2.2 4.42 65.34 69.76 NOTE
r-devel-linux-x86_64-fedora-clang 1.2.2 16.00 129.19 145.19 OK
r-devel-linux-x86_64-fedora-gcc 1.2.2 13.00 123.70 136.70 OK
r-devel-windows-x86_64 1.2.2 12.00 95.00 107.00 OK
r-patched-linux-x86_64 1.2.2 7.58 83.13 90.71 OK
r-release-linux-x86_64 1.2.2 6.98 84.03 91.01 OK
r-release-macos-arm64 1.2.2 3.00 38.00 41.00 OK
r-release-macos-x86_64 1.2.2 7.00 72.00 79.00 OK
r-release-windows-x86_64 1.2.2 9.00 95.00 104.00 OK
r-oldrel-macos-arm64 1.2.2 3.00 42.00 45.00 OK
r-oldrel-macos-x86_64 1.2.2 8.00 75.00 83.00 OK
r-oldrel-windows-x86_64 1.2.2 12.00 125.00 137.00 OK

Check Details

Version: 1.2.2
Check: CRAN incoming feasibility
Result: NOTE Maintainer: ‘Michael Mayer <mayermichael79@gmail.com>’ The BugReports field in DESCRIPTION has https://github.com/ModelOriented/hstats/issues/ which should likely be https://github.com/ModelOriented/hstats/issues/issues instead. Flavor: r-devel-linux-x86_64-debian-gcc