Last updated on 2024-08-25 05:49:23 CEST.
Flavor | Version | Tinstall | Tcheck | Ttotal | Status | Flags |
---|---|---|---|---|---|---|
r-devel-linux-x86_64-debian-clang | 2.0.2 | 41.47 | 41.10 | 82.57 | NOTE | |
r-devel-linux-x86_64-debian-gcc | 2.0.2 | 35.51 | 33.17 | 68.68 | NOTE | |
r-devel-linux-x86_64-fedora-clang | 2.0.2 | 156.20 | NOTE | |||
r-devel-linux-x86_64-fedora-gcc | 2.0.2 | 181.95 | NOTE | |||
r-devel-windows-x86_64 | 2.0.2 | 64.00 | 89.00 | 153.00 | NOTE | |
r-patched-linux-x86_64 | 2.0.2 | 47.46 | 40.01 | 87.47 | NOTE | |
r-release-linux-x86_64 | 2.0.2 | 49.87 | 39.51 | 89.38 | NOTE | |
r-release-macos-arm64 | 2.0.2 | 78.00 | NOTE | |||
r-release-macos-x86_64 | 2.0.2 | 163.00 | NOTE | |||
r-release-windows-x86_64 | 2.0.2 | 66.00 | 94.00 | 160.00 | NOTE | |
r-oldrel-macos-arm64 | 2.0.2 | 85.00 | NOTE | |||
r-oldrel-macos-x86_64 | 2.0.2 | 140.00 | NOTE | |||
r-oldrel-windows-x86_64 | 2.0.2 | 77.00 | 102.00 | 179.00 | NOTE |
Version: 2.0.2
Check: C++ specification
Result: NOTE
Specified C++14: please drop specification unless essential
Flavors: r-devel-linux-x86_64-debian-clang, r-devel-linux-x86_64-debian-gcc, r-devel-linux-x86_64-fedora-clang, r-devel-linux-x86_64-fedora-gcc, r-devel-windows-x86_64, r-patched-linux-x86_64, r-release-linux-x86_64, r-release-macos-arm64, r-release-macos-x86_64, r-release-windows-x86_64, r-oldrel-macos-arm64, r-oldrel-macos-x86_64, r-oldrel-windows-x86_64
Version: 2.0.2
Check: compiled code
Result: NOTE
File ‘httpgd/libs/httpgd.so’:
Found non-API calls to R: ‘SETLENGTH’, ‘SET_GROWABLE_BIT’,
‘SET_TRUELENGTH’
Compiled code should not call non-API entry points in R.
See ‘Writing portable packages’ in the ‘Writing R Extensions’ manual,
and section ‘Moving into C API compliance’ for issues with the use of
non-API entry points.
Flavors: r-devel-linux-x86_64-debian-clang, r-devel-linux-x86_64-debian-gcc, r-devel-linux-x86_64-fedora-clang, r-devel-linux-x86_64-fedora-gcc
Version: 2.0.2
Check: compiled code
Result: NOTE
File 'httpgd/libs/x64/httpgd.dll':
Found non-API calls to R: 'SETLENGTH', 'SET_GROWABLE_BIT',
'SET_TRUELENGTH'
Compiled code should not call non-API entry points in R.
See 'Writing portable packages' in the 'Writing R Extensions' manual,
and section 'Moving into C API compliance' for issues with the use of
non-API entry points.
Flavor: r-devel-windows-x86_64
Version: 2.0.2
Check: installed package size
Result: NOTE
installed size is 10.0Mb
sub-directories of 1Mb or more:
libs 9.4Mb
Flavors: r-release-macos-arm64, r-release-macos-x86_64, r-oldrel-macos-arm64, r-oldrel-macos-x86_64