Last updated on 2025-10-25 05:50:04 CEST.
| Flavor | Version | Tinstall | Tcheck | Ttotal | Status | Flags |
|---|---|---|---|---|---|---|
| r-devel-linux-x86_64-debian-clang | 0.2.6 | 6.34 | 139.33 | 145.67 | OK | |
| r-devel-linux-x86_64-debian-gcc | 0.2.6 | 6.40 | 97.68 | 104.08 | OK | |
| r-devel-linux-x86_64-fedora-clang | 0.2.6 | 37.00 | 202.25 | 239.25 | OK | |
| r-devel-linux-x86_64-fedora-gcc | 0.2.6 | 18.00 | 201.69 | 219.69 | OK | |
| r-devel-windows-x86_64 | 0.2.5 | 10.00 | 138.00 | 148.00 | OK | |
| r-patched-linux-x86_64 | 0.2.6 | 7.90 | 130.42 | 138.32 | OK | |
| r-release-linux-x86_64 | 0.2.5 | 7.77 | 124.30 | 132.07 | OK | |
| r-release-macos-arm64 | 0.2.6 | 4.00 | 60.00 | 64.00 | OK | |
| r-release-macos-x86_64 | 0.2.6 | 8.00 | 170.00 | 178.00 | OK | |
| r-release-windows-x86_64 | 0.2.6 | 13.00 | 138.00 | 151.00 | OK | |
| r-oldrel-macos-arm64 | 0.2.6 | 4.00 | 70.00 | 74.00 | NOTE | |
| r-oldrel-macos-x86_64 | 0.2.6 | 10.00 | 141.00 | 151.00 | NOTE | |
| r-oldrel-windows-x86_64 | 0.2.6 | 14.00 | 186.00 | 200.00 | NOTE |
Version: 0.2.6
Check: installed package size
Result: NOTE
installed size is 5.4Mb
sub-directories of 1Mb or more:
doc 4.9Mb
Flavors: r-oldrel-macos-arm64, r-oldrel-macos-x86_64, r-oldrel-windows-x86_64