Last updated on 2025-11-16 04:48:38 CET.
| Flavor | Version | Tinstall | Tcheck | Ttotal | Status | Flags |
|---|---|---|---|---|---|---|
| r-devel-linux-x86_64-debian-clang | 0.2.6 | 7.87 | 135.81 | 143.68 | OK | |
| r-devel-linux-x86_64-debian-gcc | 0.2.6 | 5.52 | 96.07 | 101.59 | NOTE | |
| r-devel-linux-x86_64-fedora-clang | 0.2.6 | 20.00 | 196.98 | 216.98 | OK | |
| r-devel-linux-x86_64-fedora-gcc | 0.2.6 | 19.00 | 196.57 | 215.57 | OK | |
| r-devel-windows-x86_64 | 0.2.6 | 18.00 | 138.00 | 156.00 | OK | |
| r-patched-linux-x86_64 | 0.2.6 | 7.94 | 131.01 | 138.95 | OK | |
| r-release-linux-x86_64 | 0.2.6 | 8.03 | 129.80 | 137.83 | OK | |
| r-release-macos-arm64 | 0.2.6 | 4.00 | 60.00 | 64.00 | OK | |
| r-release-macos-x86_64 | 0.2.6 | 8.00 | 170.00 | 178.00 | OK | |
| r-release-windows-x86_64 | 0.2.6 | 9.00 | 138.00 | 147.00 | OK | |
| r-oldrel-macos-arm64 | 0.2.6 | 4.00 | 70.00 | 74.00 | NOTE | |
| r-oldrel-macos-x86_64 | 0.2.6 | 10.00 | 141.00 | 151.00 | NOTE | |
| r-oldrel-windows-x86_64 | 0.2.6 | 15.00 | 176.00 | 191.00 | NOTE |
Version: 0.2.6
Check: CRAN incoming feasibility
Result: NOTE
Maintainer: ‘Flavio Lozano-Isla <flozanoisla@gmail.com>’
The BugReports field in DESCRIPTION has
https://github.com/flavjack/huito/issues/
which should likely be
https://github.com/flavjack/huito/issues/issues
instead.
Flavor: r-devel-linux-x86_64-debian-gcc
Version: 0.2.6
Check: installed package size
Result: NOTE
installed size is 5.4Mb
sub-directories of 1Mb or more:
doc 4.9Mb
Flavors: r-oldrel-macos-arm64, r-oldrel-macos-x86_64, r-oldrel-windows-x86_64