Last updated on 2025-02-21 04:51:49 CET.
Flavor | Version | Tinstall | Tcheck | Ttotal | Status | Flags |
---|---|---|---|---|---|---|
r-devel-linux-x86_64-debian-clang | 5.5.7 | 15.66 | 187.29 | 202.95 | OK | |
r-devel-linux-x86_64-debian-gcc | 5.5.7 | 11.70 | 127.51 | 139.21 | OK | |
r-devel-linux-x86_64-fedora-clang | 5.5.7 | 335.15 | NOTE | |||
r-devel-linux-x86_64-fedora-gcc | 5.5.7 | 355.26 | NOTE | |||
r-devel-macos-arm64 | 5.5.7 | 98.00 | OK | |||
r-devel-macos-x86_64 | 5.5.7 | 174.00 | OK | |||
r-devel-windows-x86_64 | 5.5.7 | 17.00 | 212.00 | 229.00 | OK | |
r-patched-linux-x86_64 | 5.5.7 | 17.32 | 176.73 | 194.05 | OK | |
r-release-linux-x86_64 | 5.5.7 | 14.33 | 176.42 | 190.75 | OK | |
r-release-macos-arm64 | 5.5.7 | 86.00 | OK | |||
r-release-macos-x86_64 | 5.5.7 | 146.00 | OK | |||
r-release-windows-x86_64 | 5.5.7 | 18.00 | 221.00 | 239.00 | OK | |
r-oldrel-macos-arm64 | 5.5.7 | 90.00 | OK | |||
r-oldrel-macos-x86_64 | 5.5.7 | 134.00 | OK | |||
r-oldrel-windows-x86_64 | 5.5.7 | 22.00 | 245.00 | 267.00 | OK |
Version: 5.5.7
Check: dependencies in R code
Result: NOTE
Namespaces in Imports field not imported from:
‘R6’ ‘xml2’
All declared Imports should be used.
Flavors: r-devel-linux-x86_64-fedora-clang, r-devel-linux-x86_64-fedora-gcc