Last updated on 2025-11-16 04:48:38 CET.
| Flavor | Version | Tinstall | Tcheck | Ttotal | Status | Flags |
|---|---|---|---|---|---|---|
| r-devel-linux-x86_64-debian-clang | 0.5.10 | 38.95 | 361.88 | 400.83 | OK | |
| r-devel-linux-x86_64-debian-gcc | 0.5.10 | 26.48 | 235.87 | 262.35 | NOTE | |
| r-devel-linux-x86_64-fedora-clang | 0.5.10 | 288.00 | 409.93 | 697.93 | OK | |
| r-devel-linux-x86_64-fedora-gcc | 0.5.10 | 85.00 | 498.29 | 583.29 | OK | |
| r-devel-windows-x86_64 | 0.5.10 | 38.00 | 285.00 | 323.00 | OK | |
| r-patched-linux-x86_64 | 0.5.10 | 37.03 | 355.36 | 392.39 | OK | |
| r-release-linux-x86_64 | 0.5.10 | 36.80 | 362.76 | 399.56 | OK | |
| r-release-macos-arm64 | 0.5.10 | 28.00 | 240.00 | 268.00 | OK | |
| r-release-macos-x86_64 | 0.5.10 | 70.00 | 476.00 | 546.00 | OK | |
| r-release-windows-x86_64 | 0.5.10 | 34.00 | 278.00 | 312.00 | OK | |
| r-oldrel-macos-arm64 | 0.5.10 | 28.00 | 214.00 | 242.00 | OK | |
| r-oldrel-macos-x86_64 | 0.5.10 | 57.00 | 351.00 | 408.00 | OK | |
| r-oldrel-windows-x86_64 | 0.5.10 | 54.00 | 398.00 | 452.00 | OK |
Version: 0.5.10
Check: CRAN incoming feasibility
Result: NOTE
Maintainer: ‘Arnd Weber <arnd.weber@bafg.de>’
The BugReports field in DESCRIPTION has
https://github.com/bafg-bund/hydflood/issues/
which should likely be
https://github.com/bafg-bund/hydflood/issues/issues
instead.
Flavor: r-devel-linux-x86_64-debian-gcc