Last updated on 2025-10-25 05:50:04 CEST.
| Flavor | Version | Tinstall | Tcheck | Ttotal | Status | Flags |
|---|---|---|---|---|---|---|
| r-devel-linux-x86_64-debian-clang | 1.4.6 | 11.29 | 138.27 | 149.56 | NOTE | |
| r-devel-linux-x86_64-debian-gcc | 1.4.6 | 8.77 | 94.91 | 103.68 | NOTE | |
| r-devel-linux-x86_64-fedora-clang | 1.4.6 | 39.00 | 194.91 | 233.91 | NOTE | |
| r-devel-linux-x86_64-fedora-gcc | 1.4.6 | 27.00 | 195.20 | 222.20 | NOTE | |
| r-devel-windows-x86_64 | 1.4.6 | 16.00 | 141.00 | 157.00 | NOTE | |
| r-patched-linux-x86_64 | 1.4.6 | 12.61 | 127.80 | 140.41 | NOTE | |
| r-release-linux-x86_64 | 1.4.6 | 11.42 | 127.61 | 139.03 | NOTE | |
| r-release-macos-arm64 | 1.4.6 | 9.00 | 79.00 | 88.00 | NOTE | |
| r-release-macos-x86_64 | 1.4.6 | 13.00 | 107.00 | 120.00 | NOTE | |
| r-release-windows-x86_64 | 1.4.6 | 15.00 | 143.00 | 158.00 | NOTE | |
| r-oldrel-macos-arm64 | 1.4.6 | 6.00 | 52.00 | 58.00 | NOTE | |
| r-oldrel-macos-x86_64 | 1.4.6 | 9.00 | 88.00 | 97.00 | NOTE | |
| r-oldrel-windows-x86_64 | 1.4.6 | 20.00 | 179.00 | 199.00 | NOTE |
Version: 1.4.6
Check: Rd files
Result: NOTE
checkRd: (-1) extractPeriod.Rd:57: Lost braces
57 | NOTE: all the dates in the datalist should follow the format in ?as.Date{base}.
| ^
Flavors: r-devel-linux-x86_64-debian-clang, r-devel-linux-x86_64-debian-gcc, r-devel-linux-x86_64-fedora-clang, r-devel-linux-x86_64-fedora-gcc, r-devel-windows-x86_64, r-patched-linux-x86_64, r-release-linux-x86_64, r-release-macos-arm64, r-release-macos-x86_64, r-release-windows-x86_64, r-oldrel-macos-arm64, r-oldrel-macos-x86_64, r-oldrel-windows-x86_64