CRAN Package Check Results for Package hypothesisr

Last updated on 2025-11-16 04:48:38 CET.

Flavor Version Tinstall Tcheck Ttotal Status Flags
r-devel-linux-x86_64-debian-clang 0.1.1 1.79 25.55 27.34 OK
r-devel-linux-x86_64-debian-gcc 0.1.1 1.49 20.84 22.33 OK
r-devel-linux-x86_64-fedora-clang 0.1.1 39.40 OK
r-devel-linux-x86_64-fedora-gcc 0.1.1 36.58 OK
r-devel-windows-x86_64 0.1.1 5.00 44.00 49.00 OK
r-patched-linux-x86_64 0.1.1 1.81 23.22 25.03 OK
r-release-linux-x86_64 0.1.1 1.89 23.82 25.71 OK
r-release-macos-arm64 0.1.1 1.00 21.00 22.00 OK
r-release-macos-x86_64 0.1.1 2.00 26.00 28.00 OK
r-release-windows-x86_64 0.1.1 4.00 45.00 49.00 OK
r-oldrel-macos-arm64 0.1.1 1.00 24.00 25.00 NOTE
r-oldrel-macos-x86_64 0.1.1 2.00 27.00 29.00 NOTE
r-oldrel-windows-x86_64 0.1.1 5.00 51.00 56.00 NOTE

Check Details

Version: 0.1.1
Check: LazyData
Result: NOTE 'LazyData' is specified without a 'data' directory Flavors: r-oldrel-macos-arm64, r-oldrel-macos-x86_64, r-oldrel-windows-x86_64