Last updated on 2025-11-16 04:48:38 CET.
| Flavor | Version | Tinstall | Tcheck | Ttotal | Status | Flags |
|---|---|---|---|---|---|---|
| r-devel-linux-x86_64-debian-clang | 2.7.2 | 15.74 | 140.30 | 156.04 | NOTE | |
| r-devel-linux-x86_64-debian-gcc | 2.7.2 | 10.79 | 96.85 | 107.64 | NOTE | |
| r-devel-linux-x86_64-fedora-clang | 2.7.2 | 44.00 | 206.34 | 250.34 | OK | |
| r-devel-linux-x86_64-fedora-gcc | 2.7.2 | 32.00 | 199.17 | 231.17 | OK | |
| r-devel-windows-x86_64 | 2.7.2 | 19.00 | 127.00 | 146.00 | OK | |
| r-patched-linux-x86_64 | 2.7.2 | 14.88 | 136.08 | 150.96 | OK | |
| r-release-linux-x86_64 | 2.7.2 | 14.73 | 135.69 | 150.42 | OK | |
| r-release-macos-arm64 | 2.7.2 | 7.00 | 57.00 | 64.00 | OK | |
| r-release-macos-x86_64 | 2.7.2 | 13.00 | 123.00 | 136.00 | OK | |
| r-release-windows-x86_64 | 2.7.2 | 17.00 | 129.00 | 146.00 | OK | |
| r-oldrel-macos-arm64 | 2.7.2 | 6.00 | 50.00 | 56.00 | OK | |
| r-oldrel-macos-x86_64 | 2.7.2 | 9.00 | 85.00 | 94.00 | OK | |
| r-oldrel-windows-x86_64 | 2.7.2 | 25.00 | 174.00 | 199.00 | OK |
Version: 2.7.2
Check: CRAN incoming feasibility
Result: NOTE
Maintainer: ‘Spencer Maynes <smaynes89@gmail.com>’
No Authors@R field in DESCRIPTION.
Please add one, modifying
Authors@R: c(person(given = "Spencer",
family = "Maynes",
role = c("aut", "cre"),
email = "smaynes89@gmail.com"),
person(given = "Fan",
family = "Yang",
role = "aut"),
person(given = "Anne",
family = "Parkhurst",
role = "aut"))
as necessary.
Flavors: r-devel-linux-x86_64-debian-clang, r-devel-linux-x86_64-debian-gcc