Last updated on 2024-08-25 05:49:23 CEST.
Flavor | Version | Tinstall | Tcheck | Ttotal | Status | Flags |
---|---|---|---|---|---|---|
r-devel-linux-x86_64-debian-clang | 0.2.0 | 32.78 | 72.39 | 105.17 | OK | |
r-devel-linux-x86_64-debian-gcc | 0.2.0 | 25.25 | 47.52 | 72.77 | OK | |
r-devel-linux-x86_64-fedora-clang | 0.2.0 | 173.79 | NOTE | |||
r-devel-linux-x86_64-fedora-gcc | 0.2.0 | 174.62 | NOTE | |||
r-devel-windows-x86_64 | 0.2.0 | 34.00 | 84.00 | 118.00 | OK | |
r-patched-linux-x86_64 | 0.2.0 | 35.81 | 68.29 | 104.10 | OK | |
r-release-linux-x86_64 | 0.2.0 | 34.20 | 67.86 | 102.06 | OK | |
r-release-macos-arm64 | 0.2.0 | 51.00 | OK | |||
r-release-macos-x86_64 | 0.2.0 | 77.00 | OK | |||
r-release-windows-x86_64 | 0.2.0 | 34.00 | 85.00 | 119.00 | OK | |
r-oldrel-macos-arm64 | 0.2.0 | 57.00 | OK | |||
r-oldrel-macos-x86_64 | 0.2.0 | 94.00 | OK | |||
r-oldrel-windows-x86_64 | 0.2.0 | 37.00 | 99.00 | 136.00 | OK |
Version: 0.2.0
Check: data for non-ASCII characters
Result: NOTE
Note: found 1058038 marked UTF-8 strings
Flavors: r-devel-linux-x86_64-fedora-clang, r-devel-linux-x86_64-fedora-gcc