Last updated on 2024-08-25 05:49:23 CEST.
Flavor | Version | Tinstall | Tcheck | Ttotal | Status | Flags |
---|---|---|---|---|---|---|
r-devel-linux-x86_64-debian-clang | 0.1.0 | 3.74 | 29.42 | 33.16 | OK | |
r-devel-linux-x86_64-debian-gcc | 0.1.0 | 2.77 | 23.33 | 26.10 | OK | |
r-devel-linux-x86_64-fedora-clang | 0.1.0 | 53.04 | OK | |||
r-devel-linux-x86_64-fedora-gcc | 0.1.0 | 64.52 | OK | |||
r-devel-windows-x86_64 | 0.1.0 | 4.00 | 49.00 | 53.00 | OK | |
r-patched-linux-x86_64 | 0.1.0 | 3.23 | 28.43 | 31.66 | OK | |
r-release-linux-x86_64 | 0.1.0 | 3.61 | 28.22 | 31.83 | OK | |
r-release-macos-arm64 | 0.1.0 | 26.00 | OK | |||
r-release-macos-x86_64 | 0.1.0 | 39.00 | NOTE | |||
r-release-windows-x86_64 | 0.1.0 | 5.00 | 49.00 | 54.00 | OK | |
r-oldrel-macos-arm64 | 0.1.0 | 27.00 | OK | |||
r-oldrel-macos-x86_64 | 0.1.0 | 41.00 | NOTE | |||
r-oldrel-windows-x86_64 | 0.1.0 | 5.00 | 51.00 | 56.00 | OK |
Version: 0.1.0
Check: installed package size
Result: NOTE
installed size is 5.0Mb
sub-directories of 1Mb or more:
data 4.4Mb
Flavors: r-release-macos-x86_64, r-oldrel-macos-x86_64