Last updated on 2025-02-22 04:51:14 CET.
Flavor | Version | Tinstall | Tcheck | Ttotal | Status | Flags |
---|---|---|---|---|---|---|
r-devel-linux-x86_64-debian-clang | 4.2.0 | 3.79 | 36.74 | 40.53 | NOTE | |
r-devel-linux-x86_64-debian-gcc | 4.2.0 | 2.71 | 27.01 | 29.72 | NOTE | |
r-devel-linux-x86_64-fedora-clang | 4.2.0 | 64.05 | OK | |||
r-devel-linux-x86_64-fedora-gcc | 4.2.0 | 61.81 | OK | |||
r-devel-macos-arm64 | 4.2.0 | 28.00 | OK | |||
r-devel-macos-x86_64 | 4.2.0 | 41.00 | OK | |||
r-devel-windows-x86_64 | 4.2.0 | 5.00 | 57.00 | 62.00 | NOTE | |
r-patched-linux-x86_64 | 4.2.0 | 7.32 | 34.92 | 42.24 | OK | |
r-release-linux-x86_64 | 4.2.0 | 3.91 | 35.03 | 38.94 | OK | |
r-release-macos-arm64 | 4.2.0 | 23.00 | OK | |||
r-release-macos-x86_64 | 4.2.0 | 32.00 | OK | |||
r-release-windows-x86_64 | 4.2.0 | 7.00 | 55.00 | 62.00 | OK | |
r-oldrel-macos-arm64 | 4.2.0 | 22.00 | OK | |||
r-oldrel-macos-x86_64 | 4.2.0 | 31.00 | OK | |||
r-oldrel-windows-x86_64 | 4.2.0 | 7.00 | 61.00 | 68.00 | OK |
Version: 4.2.0
Check: Rd cross-references
Result: NOTE
Found the following Rd file(s) with Rd \link{} targets missing package
anchors:
taf.colors.Rd: TAF-package
taf.skeleton.sa.org.Rd: TAF-package
Please provide package anchors for all Rd \link{} targets not in the
package itself and the base packages.
Flavors: r-devel-linux-x86_64-debian-clang, r-devel-linux-x86_64-debian-gcc, r-devel-windows-x86_64