Last updated on 2024-08-25 05:49:23 CEST.
Flavor | Version | Tinstall | Tcheck | Ttotal | Status | Flags |
---|---|---|---|---|---|---|
r-devel-linux-x86_64-debian-clang | 1.0.3 | 28.80 | 54.82 | 83.62 | NOTE | |
r-devel-linux-x86_64-debian-gcc | 1.0.3 | 20.00 | 38.70 | 58.70 | NOTE | |
r-devel-linux-x86_64-fedora-clang | 1.0.3 | 158.44 | NOTE | |||
r-devel-linux-x86_64-fedora-gcc | 1.0.3 | 150.80 | NOTE | |||
r-devel-windows-x86_64 | 1.0.3 | 34.00 | 89.00 | 123.00 | NOTE | |
r-patched-linux-x86_64 | 1.0.3 | 27.47 | 51.62 | 79.09 | NOTE | |
r-release-linux-x86_64 | 1.0.3 | 26.13 | 51.87 | 78.00 | NOTE | |
r-release-macos-arm64 | 1.0.3 | 39.00 | NOTE | |||
r-release-macos-x86_64 | 1.0.3 | 81.00 | NOTE | |||
r-release-windows-x86_64 | 1.0.3 | 35.00 | 91.00 | 126.00 | NOTE | |
r-oldrel-macos-arm64 | 1.0.3 | 39.00 | NOTE | |||
r-oldrel-macos-x86_64 | 1.0.3 | 70.00 | NOTE | |||
r-oldrel-windows-x86_64 | 1.0.3 | 42.00 | 110.00 | 152.00 | NOTE |
Version: 1.0.3
Check: C++ specification
Result: NOTE
Specified C++11: please drop specification unless essential
Flavors: r-devel-linux-x86_64-debian-clang, r-devel-linux-x86_64-debian-gcc, r-devel-linux-x86_64-fedora-clang, r-devel-linux-x86_64-fedora-gcc, r-devel-windows-x86_64, r-patched-linux-x86_64, r-release-linux-x86_64, r-release-macos-arm64, r-release-macos-x86_64, r-release-windows-x86_64, r-oldrel-macos-arm64, r-oldrel-macos-x86_64, r-oldrel-windows-x86_64
Version: 1.0.3
Check: Rd cross-references
Result: NOTE
Undeclared packages ‘mlogit’, ‘logitr’ in Rd xrefs
Flavor: r-devel-linux-x86_64-fedora-clang