Last updated on 2024-07-22 05:49:53 CEST.
Flavor | Version | Tinstall | Tcheck | Ttotal | Status | Flags |
---|---|---|---|---|---|---|
r-devel-linux-x86_64-debian-clang | 1.5.3 | 6.86 | 44.10 | 50.96 | NOTE | |
r-devel-linux-x86_64-debian-gcc | 1.5.3 | 5.25 | 33.60 | 38.85 | NOTE | |
r-devel-linux-x86_64-fedora-clang | 1.5.3 | 69.80 | NOTE | |||
r-devel-linux-x86_64-fedora-gcc | 1.5.3 | 63.79 | NOTE | |||
r-devel-windows-x86_64 | 1.5.3 | 5.00 | 60.00 | 65.00 | NOTE | |
r-patched-linux-x86_64 | 1.5.3 | 6.37 | 43.37 | 49.74 | NOTE | |
r-release-linux-x86_64 | 1.5.3 | 5.84 | 43.10 | 48.94 | NOTE | |
r-release-macos-arm64 | 1.5.3 | 29.00 | NOTE | |||
r-release-macos-x86_64 | 1.5.3 | 41.00 | NOTE | |||
r-release-windows-x86_64 | 1.5.3 | 5.00 | 59.00 | 64.00 | NOTE | |
r-oldrel-macos-arm64 | 1.5.3 | 25.00 | NOTE | |||
r-oldrel-macos-x86_64 | 1.5.3 | 38.00 | NOTE | |||
r-oldrel-windows-x86_64 | 1.5.3 | 6.00 | 58.00 | 64.00 | NOTE |
Version: 1.5.3
Check: package dependencies
Result: NOTE
Package suggested but not available for checking: ‘rggobi’
Flavors: r-devel-linux-x86_64-debian-clang, r-devel-linux-x86_64-debian-gcc, r-devel-linux-x86_64-fedora-clang, r-devel-linux-x86_64-fedora-gcc, r-devel-windows-x86_64, r-patched-linux-x86_64, r-release-linux-x86_64, r-release-macos-arm64, r-release-macos-x86_64, r-release-windows-x86_64, r-oldrel-macos-arm64, r-oldrel-macos-x86_64, r-oldrel-windows-x86_64