Last updated on 2025-10-25 05:50:04 CEST.
| Flavor | Version | Tinstall | Tcheck | Ttotal | Status | Flags |
|---|---|---|---|---|---|---|
| r-devel-linux-x86_64-debian-clang | 0.9.2 | 9.79 | 70.23 | 80.02 | NOTE | |
| r-devel-linux-x86_64-debian-gcc | 0.9.2 | 9.29 | 57.21 | 66.50 | NOTE | |
| r-devel-linux-x86_64-fedora-clang | 0.9.2 | 39.00 | 92.70 | 131.70 | OK | |
| r-devel-linux-x86_64-fedora-gcc | 0.9.2 | 73.00 | 64.96 | 137.96 | NOTE | |
| r-devel-windows-x86_64 | 0.9.2 | 10.00 | 73.00 | 83.00 | OK | |
| r-patched-linux-x86_64 | 0.9.2 | 13.08 | 62.44 | 75.52 | OK | |
| r-release-linux-x86_64 | 0.9.2 | 11.66 | 62.56 | 74.22 | OK | |
| r-release-macos-arm64 | 0.9.2 | 9.00 | 40.00 | 49.00 | OK | |
| r-release-macos-x86_64 | 0.9.2 | 23.00 | 97.00 | 120.00 | OK | |
| r-release-windows-x86_64 | 0.9.2 | 12.00 | 73.00 | 85.00 | OK | |
| r-oldrel-macos-arm64 | 0.9.2 | 10.00 | 44.00 | 54.00 | OK | |
| r-oldrel-macos-x86_64 | 0.9.2 | 12.00 | 68.00 | 80.00 | OK | |
| r-oldrel-windows-x86_64 | 0.9.2 | 16.00 | 88.00 | 104.00 | OK |
Version: 0.9.2
Check: Rd files
Result: NOTE
checkRd: (-1) adaps.Rd:92-98: Only 5 columns allowed in this table (row 1 has 2)
checkRd: (-1) adaps.Rd:92-98: Only 5 columns allowed in this table (row 2 has 1)
checkRd: (-1) adaps.Rd:92-98: Only 5 columns allowed in this table (row 3 has 1)
checkRd: (-1) adaps.Rd:92-98: Only 5 columns allowed in this table (row 4 has 1)
Flavors: r-devel-linux-x86_64-debian-clang, r-devel-linux-x86_64-debian-gcc, r-devel-linux-x86_64-fedora-gcc