Last updated on 2025-02-21 04:51:50 CET.
Flavor | Version | Tinstall | Tcheck | Ttotal | Status | Flags |
---|---|---|---|---|---|---|
r-devel-linux-x86_64-debian-clang | 0.2.0 | 2.94 | 30.54 | 33.48 | OK | |
r-devel-linux-x86_64-debian-gcc | 0.2.0 | 1.73 | 24.61 | 26.34 | OK | |
r-devel-linux-x86_64-fedora-clang | 0.2.0 | 51.43 | NOTE | |||
r-devel-linux-x86_64-fedora-gcc | 0.2.0 | 50.43 | NOTE | |||
r-devel-macos-arm64 | 0.2.0 | 21.00 | OK | |||
r-devel-macos-x86_64 | 0.2.0 | 36.00 | OK | |||
r-devel-windows-x86_64 | 0.2.0 | 5.00 | 53.00 | 58.00 | OK | |
r-patched-linux-x86_64 | 0.2.0 | 2.77 | 28.93 | 31.70 | OK | |
r-release-linux-x86_64 | 0.2.0 | 2.03 | 29.24 | 31.27 | OK | |
r-release-macos-arm64 | 0.2.0 | 28.00 | OK | |||
r-release-macos-x86_64 | 0.2.0 | 38.00 | OK | |||
r-release-windows-x86_64 | 0.2.0 | 6.00 | 49.00 | 55.00 | OK | |
r-oldrel-macos-arm64 | 0.2.0 | 25.00 | OK | |||
r-oldrel-macos-x86_64 | 0.2.0 | 38.00 | OK | |||
r-oldrel-windows-x86_64 | 0.2.0 | 6.00 | 77.00 | 83.00 | OK |
Version: 0.2.0
Check: dependencies in R code
Result: NOTE
Namespace in Imports field not imported from: ‘utils’
All declared Imports should be used.
Flavors: r-devel-linux-x86_64-fedora-clang, r-devel-linux-x86_64-fedora-gcc