Last updated on 2025-10-25 05:50:04 CEST.
| Flavor | Version | Tinstall | Tcheck | Ttotal | Status | Flags |
|---|---|---|---|---|---|---|
| r-devel-linux-x86_64-debian-clang | 0.3.3 | 6.95 | 85.66 | 92.61 | OK | |
| r-devel-linux-x86_64-debian-gcc | 0.3.3 | 5.12 | 60.09 | 65.21 | OK | |
| r-devel-linux-x86_64-fedora-clang | 0.3.3 | 21.00 | 118.26 | 139.26 | NOTE | |
| r-devel-linux-x86_64-fedora-gcc | 0.3.3 | 18.00 | 122.87 | 140.87 | NOTE | |
| r-devel-windows-x86_64 | 0.3.3 | 9.00 | 87.00 | 96.00 | OK | |
| r-patched-linux-x86_64 | 0.3.3 | 7.07 | 76.54 | 83.61 | OK | |
| r-release-linux-x86_64 | 0.3.3 | 5.98 | 77.00 | 82.98 | OK | |
| r-release-macos-arm64 | 0.3.3 | 3.00 | 51.00 | 54.00 | OK | |
| r-release-macos-x86_64 | 0.3.3 | 4.00 | 67.00 | 71.00 | OK | |
| r-release-windows-x86_64 | 0.3.3 | 11.00 | 87.00 | 98.00 | OK | |
| r-oldrel-macos-arm64 | 0.3.3 | 3.00 | 35.00 | 38.00 | OK | |
| r-oldrel-macos-x86_64 | 0.3.3 | 4.00 | 54.00 | 58.00 | OK | |
| r-oldrel-windows-x86_64 | 0.3.3 | 13.00 | 108.00 | 121.00 | OK |
Version: 0.3.3
Check: dependencies in R code
Result: NOTE
Namespaces in Imports field not imported from:
‘kableExtra’ ‘knitr’ ‘xtable’
All declared Imports should be used.
Flavors: r-devel-linux-x86_64-fedora-clang, r-devel-linux-x86_64-fedora-gcc