Last updated on 2025-11-16 04:48:39 CET.
| Flavor | Version | Tinstall | Tcheck | Ttotal | Status | Flags |
|---|---|---|---|---|---|---|
| r-devel-linux-x86_64-debian-clang | 0.3.3 | 6.44 | 81.37 | 87.81 | OK | |
| r-devel-linux-x86_64-debian-gcc | 0.3.3 | 4.39 | 57.46 | 61.85 | OK | |
| r-devel-linux-x86_64-fedora-clang | 0.3.3 | 35.00 | 113.97 | 148.97 | NOTE | |
| r-devel-linux-x86_64-fedora-gcc | 0.3.3 | 15.00 | 120.73 | 135.73 | NOTE | |
| r-devel-windows-x86_64 | 0.3.3 | 12.00 | 88.00 | 100.00 | OK | |
| r-patched-linux-x86_64 | 0.3.3 | 6.95 | 73.06 | 80.01 | OK | |
| r-release-linux-x86_64 | 0.3.3 | 6.31 | 73.11 | 79.42 | OK | |
| r-release-macos-arm64 | 0.3.3 | 3.00 | 51.00 | 54.00 | OK | |
| r-release-macos-x86_64 | 0.3.3 | 4.00 | 67.00 | 71.00 | OK | |
| r-release-windows-x86_64 | 0.3.3 | 10.00 | 85.00 | 95.00 | OK | |
| r-oldrel-macos-arm64 | 0.3.3 | 3.00 | 35.00 | 38.00 | OK | |
| r-oldrel-macos-x86_64 | 0.3.3 | 4.00 | 54.00 | 58.00 | OK | |
| r-oldrel-windows-x86_64 | 0.3.3 | 13.00 | 108.00 | 121.00 | OK |
Version: 0.3.3
Check: dependencies in R code
Result: NOTE
Namespaces in Imports field not imported from:
‘kableExtra’ ‘knitr’ ‘xtable’
All declared Imports should be used.
Flavors: r-devel-linux-x86_64-fedora-clang, r-devel-linux-x86_64-fedora-gcc