Last updated on 2024-08-25 05:49:23 CEST.
Flavor | Version | Tinstall | Tcheck | Ttotal | Status | Flags |
---|---|---|---|---|---|---|
r-devel-linux-x86_64-debian-clang | 0.1.0 | 19.43 | 42.47 | 61.90 | NOTE | |
r-devel-linux-x86_64-debian-gcc | 0.1.0 | 16.03 | 31.77 | 47.80 | NOTE | |
r-devel-linux-x86_64-fedora-clang | 0.1.0 | 108.02 | NOTE | |||
r-devel-linux-x86_64-fedora-gcc | 0.1.0 | 107.34 | NOTE | |||
r-devel-windows-x86_64 | 0.1.0 | 25.00 | 79.00 | 104.00 | NOTE | |
r-patched-linux-x86_64 | 0.1.0 | 19.53 | 40.41 | 59.94 | NOTE | |
r-release-linux-x86_64 | 0.1.0 | 19.89 | 40.53 | 60.42 | NOTE | |
r-release-macos-arm64 | 0.1.0 | 31.00 | NOTE | |||
r-release-macos-x86_64 | 0.1.0 | 47.00 | NOTE | |||
r-release-windows-x86_64 | 0.1.0 | 23.00 | 78.00 | 101.00 | NOTE | |
r-oldrel-macos-arm64 | 0.1.0 | 35.00 | NOTE | |||
r-oldrel-macos-x86_64 | 0.1.0 | 57.00 | NOTE | |||
r-oldrel-windows-x86_64 | 0.1.0 | 29.00 | 88.00 | 117.00 | NOTE |
Version: 0.1.0
Check: LazyData
Result: NOTE
'LazyData' is specified without a 'data' directory
Flavors: r-devel-linux-x86_64-debian-clang, r-devel-linux-x86_64-debian-gcc, r-devel-linux-x86_64-fedora-clang, r-devel-linux-x86_64-fedora-gcc, r-devel-windows-x86_64, r-patched-linux-x86_64, r-release-linux-x86_64, r-release-macos-arm64, r-release-macos-x86_64, r-release-windows-x86_64, r-oldrel-macos-arm64, r-oldrel-macos-x86_64, r-oldrel-windows-x86_64