Last updated on 2025-11-16 04:48:39 CET.
| Flavor | Version | Tinstall | Tcheck | Ttotal | Status | Flags |
|---|---|---|---|---|---|---|
| r-devel-linux-x86_64-debian-clang | 0.4.2 | 17.48 | 57.24 | 74.72 | OK | |
| r-devel-linux-x86_64-debian-gcc | 0.4.2 | 12.20 | 43.81 | 56.01 | NOTE | |
| r-devel-linux-x86_64-fedora-clang | 0.4.2 | 111.00 | 21.02 | 132.02 | OK | |
| r-devel-linux-x86_64-fedora-gcc | 0.4.2 | 77.00 | 65.12 | 142.12 | OK | |
| r-devel-windows-x86_64 | 0.4.2 | 28.00 | 83.00 | 111.00 | OK | |
| r-patched-linux-x86_64 | 0.4.2 | 16.61 | 53.18 | 69.79 | OK | |
| r-release-linux-x86_64 | 0.4.2 | 14.67 | 53.39 | 68.06 | OK | |
| r-release-macos-arm64 | 0.4.2 | 7.00 | 34.00 | 41.00 | OK | |
| r-release-macos-x86_64 | 0.4.2 | 11.00 | 73.00 | 84.00 | OK | |
| r-release-windows-x86_64 | 0.4.2 | 21.00 | 86.00 | 107.00 | OK | |
| r-oldrel-macos-arm64 | 0.4.2 | 9.00 | 33.00 | 42.00 | NOTE | |
| r-oldrel-macos-x86_64 | 0.4.2 | 10.00 | 49.00 | 59.00 | NOTE | |
| r-oldrel-windows-x86_64 | 0.4.2 | 27.00 | 108.00 | 135.00 | NOTE |
Version: 0.4.2
Check: CRAN incoming feasibility
Result: NOTE
Maintainer: ‘Lucas Veras <lucasdsveras@gmail.com>’
The BugReports field in DESCRIPTION has
https://github.com/verasls/impactr/issues/
which should likely be
https://github.com/verasls/impactr/issues/issues
instead.
Flavor: r-devel-linux-x86_64-debian-gcc
Version: 0.4.2
Check: package dependencies
Result: NOTE
Package suggested but not available for checking: ‘accdata’
Flavors: r-oldrel-macos-arm64, r-oldrel-macos-x86_64, r-oldrel-windows-x86_64